Last updated on 2025-11-15 02:53:12 CET.
| Flavor | Version | Tinstall | Tcheck | Ttotal | Status | Flags |
|---|---|---|---|---|---|---|
| r-devel-linux-x86_64-debian-clang | 0.2.2 | 14.61 | 116.74 | 131.35 | NOTE | |
| r-devel-linux-x86_64-debian-gcc | 0.2.2 | 9.61 | 81.21 | 90.82 | NOTE | |
| r-devel-linux-x86_64-fedora-clang | 0.2.2 | 31.00 | 171.03 | 202.03 | OK | |
| r-devel-linux-x86_64-fedora-gcc | 0.2.2 | 29.00 | 159.93 | 188.93 | OK | |
| r-devel-windows-x86_64 | 0.2.2 | 16.00 | 106.00 | 122.00 | OK | |
| r-patched-linux-x86_64 | 0.2.2 | 12.80 | 105.45 | 118.25 | OK | |
| r-release-linux-x86_64 | 0.2.2 | 10.48 | 106.43 | 116.91 | OK | |
| r-release-macos-arm64 | 0.2.2 | 6.00 | 44.00 | 50.00 | OK | |
| r-release-macos-x86_64 | 0.2.2 | 14.00 | 84.00 | 98.00 | OK | |
| r-release-windows-x86_64 | 0.2.2 | 14.00 | 105.00 | 119.00 | OK | |
| r-oldrel-macos-arm64 | 0.2.2 | 6.00 | 45.00 | 51.00 | NOTE | |
| r-oldrel-macos-x86_64 | 0.2.2 | 9.00 | 62.00 | 71.00 | NOTE | |
| r-oldrel-windows-x86_64 | 0.2.2 | 19.00 | 136.00 | 155.00 | NOTE |
Version: 0.2.2
Check: CRAN incoming feasibility
Result: NOTE
Maintainer: ‘Siddharth R <r.siddharthcse@gmail.com>’
No Authors@R field in DESCRIPTION.
Please add one, modifying
Authors@R: c(person(given = "Aghila",
family = "G",
role = "aut"),
person(given = "Siddharth",
family = "R",
role = c("aut", "cre"),
email = "r.siddharthcse@gmail.com"))
as necessary.
Flavors: r-devel-linux-x86_64-debian-clang, r-devel-linux-x86_64-debian-gcc
Version: 0.2.2
Check: LazyData
Result: NOTE
'LazyData' is specified without a 'data' directory
Flavors: r-oldrel-macos-arm64, r-oldrel-macos-x86_64, r-oldrel-windows-x86_64