Last updated on 2025-11-15 02:53:12 CET.
| Flavor | Version | Tinstall | Tcheck | Ttotal | Status | Flags |
|---|---|---|---|---|---|---|
| r-devel-linux-x86_64-debian-clang | 0.3.16 | 83.96 | 33.62 | 117.58 | OK | |
| r-devel-linux-x86_64-debian-gcc | 0.3.16 | 66.77 | 26.64 | 93.41 | OK | |
| r-devel-linux-x86_64-fedora-clang | 0.3.16 | 158.00 | 57.56 | 215.56 | OK | |
| r-devel-linux-x86_64-fedora-gcc | 0.3.16 | 181.00 | 61.79 | 242.79 | OK | |
| r-devel-windows-x86_64 | 0.3.16 | 123.00 | 200.00 | 323.00 | OK | |
| r-patched-linux-x86_64 | 0.3.16 | 97.79 | 30.59 | 128.38 | OK | |
| r-release-linux-x86_64 | 0.3.16 | 95.62 | 30.57 | 126.19 | OK | |
| r-release-macos-arm64 | 0.3.16 | 42.00 | 35.00 | 77.00 | OK | |
| r-release-macos-x86_64 | 0.3.16 | 16.00 | 60.00 | 76.00 | OK | |
| r-release-windows-x86_64 | 0.3.16 | 103.00 | 210.00 | 313.00 | OK | |
| r-oldrel-macos-arm64 | 0.3.16 | 41.00 | 39.00 | 80.00 | NOTE | |
| r-oldrel-macos-x86_64 | 0.3.16 | 24.00 | 104.00 | 128.00 | OK | |
| r-oldrel-windows-x86_64 | 0.3.16 | 96.00 | 249.00 | 345.00 | NOTE |
Version: 0.3.16
Check: installed package size
Result: NOTE
installed size is 27.2Mb
sub-directories of 1Mb or more:
blp 20.1Mb
libs 5.9Mb
Flavors: r-oldrel-macos-arm64, r-oldrel-windows-x86_64