Last updated on 2024-05-02 01:57:10 CEST.
Flavor | Version | Tinstall | Tcheck | Ttotal | Status | Flags |
---|---|---|---|---|---|---|
r-devel-linux-x86_64-debian-clang | 0.3-7 | 306.00 | 45.90 | 351.90 | OK | |
r-devel-linux-x86_64-debian-gcc | 0.3-7 | 232.16 | 36.00 | 268.16 | OK | |
r-devel-linux-x86_64-fedora-clang | 0.3-7 | 581.86 | OK | |||
r-devel-linux-x86_64-fedora-gcc | 0.3-7 | 536.42 | OK | |||
r-devel-windows-x86_64 | 0.3-7 | 227.00 | 90.00 | 317.00 | OK | |
r-patched-linux-x86_64 | 0.3-7 | 295.17 | 44.87 | 340.04 | OK | |
r-release-linux-x86_64 | 0.3-7 | 289.33 | 44.62 | 333.95 | OK | |
r-release-macos-arm64 | 0.3-7 | 90.00 | NOTE | |||
r-release-windows-x86_64 | 0.3-7 | 229.00 | 94.00 | 323.00 | OK | |
r-oldrel-macos-arm64 | 0.3-7 | 101.00 | NOTE | |||
r-oldrel-macos-x86_64 | 0.3-7 | 136.00 | NOTE | |||
r-oldrel-windows-x86_64 | 0.3-7 | 230.00 | 100.00 | 330.00 | OK |
Version: 0.3-7
Check: installed package size
Result: NOTE
installed size is 14.0Mb
sub-directories of 1Mb or more:
libs 13.8Mb
Flavors: r-release-macos-arm64, r-oldrel-macos-arm64, r-oldrel-macos-x86_64