CRAN Package Check Results for Package RcppJagger

Last updated on 2025-11-15 02:53:12 CET.

Flavor Version Tinstall Tcheck Ttotal Status Flags
r-devel-linux-x86_64-debian-clang 0.0.2 14.36 26.86 41.22 NOTE
r-devel-linux-x86_64-debian-gcc 0.0.2 11.67 21.57 33.24 NOTE
r-devel-linux-x86_64-fedora-clang 0.0.2 27.00 39.75 66.75 OK
r-devel-linux-x86_64-fedora-gcc 0.0.2 32.00 37.01 69.01 OK
r-devel-windows-x86_64 0.0.2 25.00 67.00 92.00 OK
r-patched-linux-x86_64 0.0.2 15.98 25.85 41.83 OK
r-release-linux-x86_64 0.0.2 16.53 25.73 42.26 OK
r-release-macos-arm64 0.0.2 7.00 16.00 23.00 OK
r-release-macos-x86_64 0.0.2 12.00 25.00 37.00 OK
r-release-windows-x86_64 0.0.2 22.00 66.00 88.00 OK
r-oldrel-macos-arm64 0.0.2 6.00 15.00 21.00 OK
r-oldrel-macos-x86_64 0.0.2 10.00 24.00 34.00 OK
r-oldrel-windows-x86_64 0.0.2 28.00 76.00 104.00 OK

Check Details

Version: 0.0.2
Check: CRAN incoming feasibility
Result: NOTE Maintainer: ‘Shusei Eshima <shuseieshima@gmail.com>’ The Description field contains (2023) <arXiv:2305.19045>. Jagger uses patterns derived from Please refer to arXiv e-prints via their arXiv DOI <doi:10.48550/arXiv.YYMM.NNNNN>. Flavors: r-devel-linux-x86_64-debian-clang, r-devel-linux-x86_64-debian-gcc