Last updated on 2025-11-16 01:49:28 CET.
| Flavor | Version | Tinstall | Tcheck | Ttotal | Status | Flags |
|---|---|---|---|---|---|---|
| r-devel-linux-x86_64-debian-clang | 1.3.3 | 4.39 | 196.66 | 201.05 | OK | |
| r-devel-linux-x86_64-debian-gcc | 1.3.3 | 3.22 | 115.96 | 119.18 | NOTE | |
| r-devel-linux-x86_64-fedora-clang | 1.3.3 | 316.06 | OK | |||
| r-devel-linux-x86_64-fedora-gcc | 1.3.3 | 324.11 | OK | |||
| r-devel-windows-x86_64 | 1.3.3 | 7.00 | 194.00 | 201.00 | OK | |
| r-patched-linux-x86_64 | 1.3.3 | 5.24 | 189.64 | 194.88 | OK | |
| r-release-linux-x86_64 | 1.3.3 | 4.54 | 188.53 | 193.07 | OK | |
| r-release-macos-arm64 | 1.3.3 | 2.00 | 71.00 | 73.00 | OK | |
| r-release-macos-x86_64 | 1.3.3 | 5.00 | 188.00 | 193.00 | OK | |
| r-release-windows-x86_64 | 1.3.3 | 5.00 | 197.00 | 202.00 | OK | |
| r-oldrel-macos-arm64 | 1.3.3 | 2.00 | 79.00 | 81.00 | OK | |
| r-oldrel-macos-x86_64 | 1.3.3 | 8.00 | 217.00 | 225.00 | OK | |
| r-oldrel-windows-x86_64 | 1.3.3 | 5.00 | 265.00 | 270.00 | OK |
Version: 1.3.3
Check: CRAN incoming feasibility
Result: NOTE
Maintainer: ‘Samuel Pawel <samuel.pawel@uzh.ch>’
The BugReports field in DESCRIPTION has
https://github.com/crsuzh/ReplicationSuccess/issues/
which should likely be
https://github.com/crsuzh/ReplicationSuccess/issues/issues
instead.
Flavor: r-devel-linux-x86_64-debian-gcc