CRAN Package Check Results for Package Rexperigen

Last updated on 2025-11-15 02:53:13 CET.

Flavor Version Tinstall Tcheck Ttotal Status Flags
r-devel-linux-x86_64-debian-clang 0.2.1 1.56 23.76 25.32 OK
r-devel-linux-x86_64-debian-gcc 0.2.1 1.29 20.16 21.45 ERROR
r-devel-linux-x86_64-fedora-clang 0.2.1 10.00 31.95 41.95 ERROR
r-devel-linux-x86_64-fedora-gcc 0.2.1 13.00 26.89 39.89 ERROR
r-devel-windows-x86_64 0.2.1 3.00 44.00 47.00 OK
r-patched-linux-x86_64 0.2.1 2.22 22.29 24.51 OK
r-release-linux-x86_64 0.2.1 1.88 22.25 24.13 OK
r-release-macos-arm64 0.2.1 1.00 29.00 30.00 OK
r-release-macos-x86_64 0.2.1 2.00 82.00 84.00 OK
r-release-windows-x86_64 0.2.1 5.00 46.00 51.00 OK
r-oldrel-macos-arm64 0.2.1 1.00 28.00 29.00 NOTE
r-oldrel-macos-x86_64 0.2.1 1.00 55.00 56.00 NOTE
r-oldrel-windows-x86_64 0.2.1 3.00 52.00 55.00 NOTE

Check Details

Version: 0.2.1
Check: tests
Result: ERROR Running ‘testthat.R’ [2s/3s] Running the tests in ‘tests/testthat.R’ failed. Complete output: > library(testthat) > library(Rexperigen) > > test_check("Rexperigen") Saving _problems/test-download-19.R Saving _problems/test-download-34.R Saving _problems/test-download-51.R Saving _problems/test-download-65.R Saving _problems/test-download-78.R Saving _problems/test-registration-29.R Saving _problems/test-registration-43.R Saving _problems/test-registration-56.R Saving _problems/test-server-10.R Saving _problems/test-server-47.R Saving _problems/test-server-88.R Saving _problems/test-utils-21.R Saving _problems/test-utils-52.R Saving _problems/test-utils-67.R Saving _problems/test-utils-114.R Saving _problems/test-zzz-7.R Saving _problems/test-zzz-8.R [ FAIL 17 | WARN 0 | SKIP 0 | PASS 23 ] ══ Failed tests ════════════════════════════════════════════════════════════════ ── Error ('test-download.R:12:5'): makecsv with no auth, server 1 ────────────── <lifecycle_error_deprecated/defunctError/rlang_error/error/condition> Error: `with_mock()` was deprecated in testthat 3.2.0 and is now defunct. ℹ Please use `with_mocked_bindings()` instead. Backtrace: ▆ 1. └─testthat::with_mock(...) at test-download.R:12:5 2. └─lifecycle::deprecate_stop("3.2.0", "with_mock()", "with_mocked_bindings()") 3. └─lifecycle:::deprecate_stop0(msg) 4. └─rlang::cnd_signal(...) ── Error ('test-download.R:27:5'): makecsv with no auth, server 2 ────────────── <lifecycle_error_deprecated/defunctError/rlang_error/error/condition> Error: `with_mock()` was deprecated in testthat 3.2.0 and is now defunct. ℹ Please use `with_mocked_bindings()` instead. Backtrace: ▆ 1. └─testthat::with_mock(...) at test-download.R:27:5 2. └─lifecycle::deprecate_stop("3.2.0", "with_mock()", "with_mocked_bindings()") 3. └─lifecycle:::deprecate_stop0(msg) 4. └─rlang::cnd_signal(...) ── Error ('test-download.R:42:5'): makecsv with auth, server 2 ───────────────── <lifecycle_error_deprecated/defunctError/rlang_error/error/condition> Error: `with_mock()` was deprecated in testthat 3.2.0 and is now defunct. ℹ Please use `with_mocked_bindings()` instead. Backtrace: ▆ 1. └─testthat::with_mock(...) at test-download.R:42:5 2. └─lifecycle::deprecate_stop("3.2.0", "with_mock()", "with_mocked_bindings()") 3. └─lifecycle:::deprecate_stop0(msg) 4. └─rlang::cnd_signal(...) ── Error ('test-download.R:58:5'): getDestinations ───────────────────────────── <lifecycle_error_deprecated/defunctError/rlang_error/error/condition> Error: `with_mock()` was deprecated in testthat 3.2.0 and is now defunct. ℹ Please use `with_mocked_bindings()` instead. Backtrace: ▆ 1. └─testthat::with_mock(...) at test-download.R:58:5 2. └─lifecycle::deprecate_stop("3.2.0", "with_mock()", "with_mocked_bindings()") 3. └─lifecycle:::deprecate_stop0(msg) 4. └─rlang::cnd_signal(...) ── Error ('test-download.R:71:5'): getUsers ──────────────────────────────────── <lifecycle_error_deprecated/defunctError/rlang_error/error/condition> Error: `with_mock()` was deprecated in testthat 3.2.0 and is now defunct. ℹ Please use `with_mocked_bindings()` instead. Backtrace: ▆ 1. └─testthat::with_mock(...) at test-download.R:71:5 2. └─lifecycle::deprecate_stop("3.2.0", "with_mock()", "with_mocked_bindings()") 3. └─lifecycle:::deprecate_stop0(msg) 4. └─rlang::cnd_signal(...) ── Error ('test-registration.R:21:5'): registering new experiment ────────────── <lifecycle_error_deprecated/defunctError/rlang_error/error/condition> Error: `with_mock()` was deprecated in testthat 3.2.0 and is now defunct. ℹ Please use `with_mocked_bindings()` instead. Backtrace: ▆ 1. └─testthat::with_mock(...) at test-registration.R:21:5 2. └─lifecycle::deprecate_stop("3.2.0", "with_mock()", "with_mocked_bindings()") 3. └─lifecycle:::deprecate_stop0(msg) 4. └─rlang::cnd_signal(...) ── Error ('test-registration.R:35:5'): removing registration ─────────────────── <lifecycle_error_deprecated/defunctError/rlang_error/error/condition> Error: `with_mock()` was deprecated in testthat 3.2.0 and is now defunct. ℹ Please use `with_mocked_bindings()` instead. Backtrace: ▆ 1. └─testthat::with_mock(...) at test-registration.R:35:5 2. └─lifecycle::deprecate_stop("3.2.0", "with_mock()", "with_mocked_bindings()") 3. └─lifecycle:::deprecate_stop0(msg) 4. └─rlang::cnd_signal(...) ── Error ('test-registration.R:48:5'): listing registered experiments ────────── <lifecycle_error_deprecated/defunctError/rlang_error/error/condition> Error: `with_mock()` was deprecated in testthat 3.2.0 and is now defunct. ℹ Please use `with_mocked_bindings()` instead. Backtrace: ▆ 1. └─testthat::with_mock(...) at test-registration.R:48:5 2. └─lifecycle::deprecate_stop("3.2.0", "with_mock()", "with_mocked_bindings()") 3. └─lifecycle:::deprecate_stop0(msg) 4. └─rlang::cnd_signal(...) ── Error ('test-server.R:4:5'): setExperigenServer ───────────────────────────── <lifecycle_error_deprecated/defunctError/rlang_error/error/condition> Error: `with_mock()` was deprecated in testthat 3.2.0 and is now defunct. ℹ Please use `with_mocked_bindings()` instead. Backtrace: ▆ 1. └─testthat::with_mock(...) at test-server.R:4:5 2. └─lifecycle::deprecate_stop("3.2.0", "with_mock()", "with_mocked_bindings()") 3. └─lifecycle:::deprecate_stop0(msg) 4. └─rlang::cnd_signal(...) ── Error ('test-server.R:33:5'): Setting credentials ─────────────────────────── <lifecycle_error_deprecated/defunctError/rlang_error/error/condition> Error: `with_mock()` was deprecated in testthat 3.2.0 and is now defunct. ℹ Please use `with_mocked_bindings()` instead. Backtrace: ▆ 1. └─testthat::with_mock(...) at test-server.R:33:5 2. └─lifecycle::deprecate_stop("3.2.0", "with_mock()", "with_mocked_bindings()") 3. └─lifecycle:::deprecate_stop0(msg) 4. └─rlang::cnd_signal(...) ── Error ('test-server.R:74:5'): creating experimenters ──────────────────────── <lifecycle_error_deprecated/defunctError/rlang_error/error/condition> Error: `with_mock()` was deprecated in testthat 3.2.0 and is now defunct. ℹ Please use `with_mocked_bindings()` instead. Backtrace: ▆ 1. └─testthat::with_mock(...) at test-server.R:74:5 2. └─lifecycle::deprecate_stop("3.2.0", "with_mock()", "with_mocked_bindings()") 3. └─lifecycle:::deprecate_stop0(msg) 4. └─rlang::cnd_signal(...) ── Error ('test-utils.R:15:5'): API requests ─────────────────────────────────── <lifecycle_error_deprecated/defunctError/rlang_error/error/condition> Error: `with_mock()` was deprecated in testthat 3.2.0 and is now defunct. ℹ Please use `with_mocked_bindings()` instead. Backtrace: ▆ 1. └─testthat::with_mock(...) at test-utils.R:15:5 2. └─lifecycle::deprecate_stop("3.2.0", "with_mock()", "with_mocked_bindings()") 3. └─lifecycle:::deprecate_stop0(msg) 4. └─rlang::cnd_signal(...) ── Error ('test-utils.R:38:5'): Authed API request ───────────────────────────── <lifecycle_error_deprecated/defunctError/rlang_error/error/condition> Error: `with_mock()` was deprecated in testthat 3.2.0 and is now defunct. ℹ Please use `with_mocked_bindings()` instead. Backtrace: ▆ 1. └─testthat::with_mock(...) at test-utils.R:38:5 2. └─lifecycle::deprecate_stop("3.2.0", "with_mock()", "with_mocked_bindings()") 3. └─lifecycle:::deprecate_stop0(msg) 4. └─rlang::cnd_signal(...) ── Error ('test-utils.R:58:5'): serverVersion ────────────────────────────────── <lifecycle_error_deprecated/defunctError/rlang_error/error/condition> Error: `with_mock()` was deprecated in testthat 3.2.0 and is now defunct. ℹ Please use `with_mocked_bindings()` instead. Backtrace: ▆ 1. └─testthat::with_mock(...) at test-utils.R:58:5 2. └─lifecycle::deprecate_stop("3.2.0", "with_mock()", "with_mocked_bindings()") 3. └─lifecycle:::deprecate_stop0(msg) 4. └─rlang::cnd_signal(...) ── Error ('test-utils.R:108:5'): cleanurl ────────────────────────────────────── <lifecycle_error_deprecated/defunctError/rlang_error/error/condition> Error: `with_mock()` was deprecated in testthat 3.2.0 and is now defunct. ℹ Please use `with_mocked_bindings()` instead. Backtrace: ▆ 1. └─testthat::with_mock(...) at test-utils.R:108:5 2. └─lifecycle::deprecate_stop("3.2.0", "with_mock()", "with_mocked_bindings()") 3. └─lifecycle:::deprecate_stop0(msg) 4. └─rlang::cnd_signal(...) ── Failure ('test-zzz.R:7:3'): initialization is okay ────────────────────────── Expected `getOption("Rexperigen.experimenter")` to equal "". Differences: 1/1 mismatches x[1]: "alma" y[1]: "" ── Failure ('test-zzz.R:8:3'): initialization is okay ────────────────────────── Expected `getOption("Rexperigen.password")` to equal "". Differences: 1/1 mismatches x[1]: "korte" y[1]: "" [ FAIL 17 | WARN 0 | SKIP 0 | PASS 23 ] Error: ! Test failures. Execution halted Flavor: r-devel-linux-x86_64-debian-gcc

Version: 0.2.1
Check: tests
Result: ERROR Running ‘testthat.R’ [5s/14s] Running the tests in ‘tests/testthat.R’ failed. Complete output: > library(testthat) > library(Rexperigen) > > test_check("Rexperigen") Saving _problems/test-download-19.R Saving _problems/test-download-34.R Saving _problems/test-download-51.R Saving _problems/test-download-65.R Saving _problems/test-download-78.R Saving _problems/test-registration-29.R Saving _problems/test-registration-43.R Saving _problems/test-registration-56.R Saving _problems/test-server-10.R Saving _problems/test-server-47.R Saving _problems/test-server-88.R Saving _problems/test-utils-21.R Saving _problems/test-utils-52.R Saving _problems/test-utils-67.R Saving _problems/test-utils-114.R Saving _problems/test-zzz-7.R Saving _problems/test-zzz-8.R [ FAIL 17 | WARN 0 | SKIP 0 | PASS 23 ] ══ Failed tests ════════════════════════════════════════════════════════════════ ── Error ('test-download.R:12:5'): makecsv with no auth, server 1 ────────────── <lifecycle_error_deprecated/defunctError/rlang_error/error/condition> Error: `with_mock()` was deprecated in testthat 3.2.0 and is now defunct. ℹ Please use `with_mocked_bindings()` instead. Backtrace: ▆ 1. └─testthat::with_mock(...) at test-download.R:12:5 2. └─lifecycle::deprecate_stop("3.2.0", "with_mock()", "with_mocked_bindings()") 3. └─lifecycle:::deprecate_stop0(msg) 4. └─rlang::cnd_signal(...) ── Error ('test-download.R:27:5'): makecsv with no auth, server 2 ────────────── <lifecycle_error_deprecated/defunctError/rlang_error/error/condition> Error: `with_mock()` was deprecated in testthat 3.2.0 and is now defunct. ℹ Please use `with_mocked_bindings()` instead. Backtrace: ▆ 1. └─testthat::with_mock(...) at test-download.R:27:5 2. └─lifecycle::deprecate_stop("3.2.0", "with_mock()", "with_mocked_bindings()") 3. └─lifecycle:::deprecate_stop0(msg) 4. └─rlang::cnd_signal(...) ── Error ('test-download.R:42:5'): makecsv with auth, server 2 ───────────────── <lifecycle_error_deprecated/defunctError/rlang_error/error/condition> Error: `with_mock()` was deprecated in testthat 3.2.0 and is now defunct. ℹ Please use `with_mocked_bindings()` instead. Backtrace: ▆ 1. └─testthat::with_mock(...) at test-download.R:42:5 2. └─lifecycle::deprecate_stop("3.2.0", "with_mock()", "with_mocked_bindings()") 3. └─lifecycle:::deprecate_stop0(msg) 4. └─rlang::cnd_signal(...) ── Error ('test-download.R:58:5'): getDestinations ───────────────────────────── <lifecycle_error_deprecated/defunctError/rlang_error/error/condition> Error: `with_mock()` was deprecated in testthat 3.2.0 and is now defunct. ℹ Please use `with_mocked_bindings()` instead. Backtrace: ▆ 1. └─testthat::with_mock(...) at test-download.R:58:5 2. └─lifecycle::deprecate_stop("3.2.0", "with_mock()", "with_mocked_bindings()") 3. └─lifecycle:::deprecate_stop0(msg) 4. └─rlang::cnd_signal(...) ── Error ('test-download.R:71:5'): getUsers ──────────────────────────────────── <lifecycle_error_deprecated/defunctError/rlang_error/error/condition> Error: `with_mock()` was deprecated in testthat 3.2.0 and is now defunct. ℹ Please use `with_mocked_bindings()` instead. Backtrace: ▆ 1. └─testthat::with_mock(...) at test-download.R:71:5 2. └─lifecycle::deprecate_stop("3.2.0", "with_mock()", "with_mocked_bindings()") 3. └─lifecycle:::deprecate_stop0(msg) 4. └─rlang::cnd_signal(...) ── Error ('test-registration.R:21:5'): registering new experiment ────────────── <lifecycle_error_deprecated/defunctError/rlang_error/error/condition> Error: `with_mock()` was deprecated in testthat 3.2.0 and is now defunct. ℹ Please use `with_mocked_bindings()` instead. Backtrace: ▆ 1. └─testthat::with_mock(...) at test-registration.R:21:5 2. └─lifecycle::deprecate_stop("3.2.0", "with_mock()", "with_mocked_bindings()") 3. └─lifecycle:::deprecate_stop0(msg) 4. └─rlang::cnd_signal(...) ── Error ('test-registration.R:35:5'): removing registration ─────────────────── <lifecycle_error_deprecated/defunctError/rlang_error/error/condition> Error: `with_mock()` was deprecated in testthat 3.2.0 and is now defunct. ℹ Please use `with_mocked_bindings()` instead. Backtrace: ▆ 1. └─testthat::with_mock(...) at test-registration.R:35:5 2. └─lifecycle::deprecate_stop("3.2.0", "with_mock()", "with_mocked_bindings()") 3. └─lifecycle:::deprecate_stop0(msg) 4. └─rlang::cnd_signal(...) ── Error ('test-registration.R:48:5'): listing registered experiments ────────── <lifecycle_error_deprecated/defunctError/rlang_error/error/condition> Error: `with_mock()` was deprecated in testthat 3.2.0 and is now defunct. ℹ Please use `with_mocked_bindings()` instead. Backtrace: ▆ 1. └─testthat::with_mock(...) at test-registration.R:48:5 2. └─lifecycle::deprecate_stop("3.2.0", "with_mock()", "with_mocked_bindings()") 3. └─lifecycle:::deprecate_stop0(msg) 4. └─rlang::cnd_signal(...) ── Error ('test-server.R:4:5'): setExperigenServer ───────────────────────────── <lifecycle_error_deprecated/defunctError/rlang_error/error/condition> Error: `with_mock()` was deprecated in testthat 3.2.0 and is now defunct. ℹ Please use `with_mocked_bindings()` instead. Backtrace: ▆ 1. └─testthat::with_mock(...) at test-server.R:4:5 2. └─lifecycle::deprecate_stop("3.2.0", "with_mock()", "with_mocked_bindings()") 3. └─lifecycle:::deprecate_stop0(msg) 4. └─rlang::cnd_signal(...) ── Error ('test-server.R:33:5'): Setting credentials ─────────────────────────── <lifecycle_error_deprecated/defunctError/rlang_error/error/condition> Error: `with_mock()` was deprecated in testthat 3.2.0 and is now defunct. ℹ Please use `with_mocked_bindings()` instead. Backtrace: ▆ 1. └─testthat::with_mock(...) at test-server.R:33:5 2. └─lifecycle::deprecate_stop("3.2.0", "with_mock()", "with_mocked_bindings()") 3. └─lifecycle:::deprecate_stop0(msg) 4. └─rlang::cnd_signal(...) ── Error ('test-server.R:74:5'): creating experimenters ──────────────────────── <lifecycle_error_deprecated/defunctError/rlang_error/error/condition> Error: `with_mock()` was deprecated in testthat 3.2.0 and is now defunct. ℹ Please use `with_mocked_bindings()` instead. Backtrace: ▆ 1. └─testthat::with_mock(...) at test-server.R:74:5 2. └─lifecycle::deprecate_stop("3.2.0", "with_mock()", "with_mocked_bindings()") 3. └─lifecycle:::deprecate_stop0(msg) 4. └─rlang::cnd_signal(...) ── Error ('test-utils.R:15:5'): API requests ─────────────────────────────────── <lifecycle_error_deprecated/defunctError/rlang_error/error/condition> Error: `with_mock()` was deprecated in testthat 3.2.0 and is now defunct. ℹ Please use `with_mocked_bindings()` instead. Backtrace: ▆ 1. └─testthat::with_mock(...) at test-utils.R:15:5 2. └─lifecycle::deprecate_stop("3.2.0", "with_mock()", "with_mocked_bindings()") 3. └─lifecycle:::deprecate_stop0(msg) 4. └─rlang::cnd_signal(...) ── Error ('test-utils.R:38:5'): Authed API request ───────────────────────────── <lifecycle_error_deprecated/defunctError/rlang_error/error/condition> Error: `with_mock()` was deprecated in testthat 3.2.0 and is now defunct. ℹ Please use `with_mocked_bindings()` instead. Backtrace: ▆ 1. └─testthat::with_mock(...) at test-utils.R:38:5 2. └─lifecycle::deprecate_stop("3.2.0", "with_mock()", "with_mocked_bindings()") 3. └─lifecycle:::deprecate_stop0(msg) 4. └─rlang::cnd_signal(...) ── Error ('test-utils.R:58:5'): serverVersion ────────────────────────────────── <lifecycle_error_deprecated/defunctError/rlang_error/error/condition> Error: `with_mock()` was deprecated in testthat 3.2.0 and is now defunct. ℹ Please use `with_mocked_bindings()` instead. Backtrace: ▆ 1. └─testthat::with_mock(...) at test-utils.R:58:5 2. └─lifecycle::deprecate_stop("3.2.0", "with_mock()", "with_mocked_bindings()") 3. └─lifecycle:::deprecate_stop0(msg) 4. └─rlang::cnd_signal(...) ── Error ('test-utils.R:108:5'): cleanurl ────────────────────────────────────── <lifecycle_error_deprecated/defunctError/rlang_error/error/condition> Error: `with_mock()` was deprecated in testthat 3.2.0 and is now defunct. ℹ Please use `with_mocked_bindings()` instead. Backtrace: ▆ 1. └─testthat::with_mock(...) at test-utils.R:108:5 2. └─lifecycle::deprecate_stop("3.2.0", "with_mock()", "with_mocked_bindings()") 3. └─lifecycle:::deprecate_stop0(msg) 4. └─rlang::cnd_signal(...) ── Failure ('test-zzz.R:7:3'): initialization is okay ────────────────────────── Expected `getOption("Rexperigen.experimenter")` to equal "". Differences: 1/1 mismatches x[1]: "alma" y[1]: "" ── Failure ('test-zzz.R:8:3'): initialization is okay ────────────────────────── Expected `getOption("Rexperigen.password")` to equal "". Differences: 1/1 mismatches x[1]: "korte" y[1]: "" [ FAIL 17 | WARN 0 | SKIP 0 | PASS 23 ] Error: ! Test failures. Execution halted Flavor: r-devel-linux-x86_64-fedora-clang

Version: 0.2.1
Check: tests
Result: ERROR Running ‘testthat.R’ [5s/16s] Running the tests in ‘tests/testthat.R’ failed. Complete output: > library(testthat) > library(Rexperigen) > > test_check("Rexperigen") Saving _problems/test-download-19.R Saving _problems/test-download-34.R Saving _problems/test-download-51.R Saving _problems/test-download-65.R Saving _problems/test-download-78.R Saving _problems/test-registration-29.R Saving _problems/test-registration-43.R Saving _problems/test-registration-56.R Saving _problems/test-server-10.R Saving _problems/test-server-47.R Saving _problems/test-server-88.R Saving _problems/test-utils-21.R Saving _problems/test-utils-52.R Saving _problems/test-utils-67.R Saving _problems/test-utils-114.R Saving _problems/test-zzz-7.R Saving _problems/test-zzz-8.R [ FAIL 17 | WARN 0 | SKIP 0 | PASS 23 ] ══ Failed tests ════════════════════════════════════════════════════════════════ ── Error ('test-download.R:12:5'): makecsv with no auth, server 1 ────────────── <lifecycle_error_deprecated/defunctError/rlang_error/error/condition> Error: `with_mock()` was deprecated in testthat 3.2.0 and is now defunct. ℹ Please use `with_mocked_bindings()` instead. Backtrace: ▆ 1. └─testthat::with_mock(...) at test-download.R:12:5 2. └─lifecycle::deprecate_stop("3.2.0", "with_mock()", "with_mocked_bindings()") 3. └─lifecycle:::deprecate_stop0(msg) 4. └─rlang::cnd_signal(...) ── Error ('test-download.R:27:5'): makecsv with no auth, server 2 ────────────── <lifecycle_error_deprecated/defunctError/rlang_error/error/condition> Error: `with_mock()` was deprecated in testthat 3.2.0 and is now defunct. ℹ Please use `with_mocked_bindings()` instead. Backtrace: ▆ 1. └─testthat::with_mock(...) at test-download.R:27:5 2. └─lifecycle::deprecate_stop("3.2.0", "with_mock()", "with_mocked_bindings()") 3. └─lifecycle:::deprecate_stop0(msg) 4. └─rlang::cnd_signal(...) ── Error ('test-download.R:42:5'): makecsv with auth, server 2 ───────────────── <lifecycle_error_deprecated/defunctError/rlang_error/error/condition> Error: `with_mock()` was deprecated in testthat 3.2.0 and is now defunct. ℹ Please use `with_mocked_bindings()` instead. Backtrace: ▆ 1. └─testthat::with_mock(...) at test-download.R:42:5 2. └─lifecycle::deprecate_stop("3.2.0", "with_mock()", "with_mocked_bindings()") 3. └─lifecycle:::deprecate_stop0(msg) 4. └─rlang::cnd_signal(...) ── Error ('test-download.R:58:5'): getDestinations ───────────────────────────── <lifecycle_error_deprecated/defunctError/rlang_error/error/condition> Error: `with_mock()` was deprecated in testthat 3.2.0 and is now defunct. ℹ Please use `with_mocked_bindings()` instead. Backtrace: ▆ 1. └─testthat::with_mock(...) at test-download.R:58:5 2. └─lifecycle::deprecate_stop("3.2.0", "with_mock()", "with_mocked_bindings()") 3. └─lifecycle:::deprecate_stop0(msg) 4. └─rlang::cnd_signal(...) ── Error ('test-download.R:71:5'): getUsers ──────────────────────────────────── <lifecycle_error_deprecated/defunctError/rlang_error/error/condition> Error: `with_mock()` was deprecated in testthat 3.2.0 and is now defunct. ℹ Please use `with_mocked_bindings()` instead. Backtrace: ▆ 1. └─testthat::with_mock(...) at test-download.R:71:5 2. └─lifecycle::deprecate_stop("3.2.0", "with_mock()", "with_mocked_bindings()") 3. └─lifecycle:::deprecate_stop0(msg) 4. └─rlang::cnd_signal(...) ── Error ('test-registration.R:21:5'): registering new experiment ────────────── <lifecycle_error_deprecated/defunctError/rlang_error/error/condition> Error: `with_mock()` was deprecated in testthat 3.2.0 and is now defunct. ℹ Please use `with_mocked_bindings()` instead. Backtrace: ▆ 1. └─testthat::with_mock(...) at test-registration.R:21:5 2. └─lifecycle::deprecate_stop("3.2.0", "with_mock()", "with_mocked_bindings()") 3. └─lifecycle:::deprecate_stop0(msg) 4. └─rlang::cnd_signal(...) ── Error ('test-registration.R:35:5'): removing registration ─────────────────── <lifecycle_error_deprecated/defunctError/rlang_error/error/condition> Error: `with_mock()` was deprecated in testthat 3.2.0 and is now defunct. ℹ Please use `with_mocked_bindings()` instead. Backtrace: ▆ 1. └─testthat::with_mock(...) at test-registration.R:35:5 2. └─lifecycle::deprecate_stop("3.2.0", "with_mock()", "with_mocked_bindings()") 3. └─lifecycle:::deprecate_stop0(msg) 4. └─rlang::cnd_signal(...) ── Error ('test-registration.R:48:5'): listing registered experiments ────────── <lifecycle_error_deprecated/defunctError/rlang_error/error/condition> Error: `with_mock()` was deprecated in testthat 3.2.0 and is now defunct. ℹ Please use `with_mocked_bindings()` instead. Backtrace: ▆ 1. └─testthat::with_mock(...) at test-registration.R:48:5 2. └─lifecycle::deprecate_stop("3.2.0", "with_mock()", "with_mocked_bindings()") 3. └─lifecycle:::deprecate_stop0(msg) 4. └─rlang::cnd_signal(...) ── Error ('test-server.R:4:5'): setExperigenServer ───────────────────────────── <lifecycle_error_deprecated/defunctError/rlang_error/error/condition> Error: `with_mock()` was deprecated in testthat 3.2.0 and is now defunct. ℹ Please use `with_mocked_bindings()` instead. Backtrace: ▆ 1. └─testthat::with_mock(...) at test-server.R:4:5 2. └─lifecycle::deprecate_stop("3.2.0", "with_mock()", "with_mocked_bindings()") 3. └─lifecycle:::deprecate_stop0(msg) 4. └─rlang::cnd_signal(...) ── Error ('test-server.R:33:5'): Setting credentials ─────────────────────────── <lifecycle_error_deprecated/defunctError/rlang_error/error/condition> Error: `with_mock()` was deprecated in testthat 3.2.0 and is now defunct. ℹ Please use `with_mocked_bindings()` instead. Backtrace: ▆ 1. └─testthat::with_mock(...) at test-server.R:33:5 2. └─lifecycle::deprecate_stop("3.2.0", "with_mock()", "with_mocked_bindings()") 3. └─lifecycle:::deprecate_stop0(msg) 4. └─rlang::cnd_signal(...) ── Error ('test-server.R:74:5'): creating experimenters ──────────────────────── <lifecycle_error_deprecated/defunctError/rlang_error/error/condition> Error: `with_mock()` was deprecated in testthat 3.2.0 and is now defunct. ℹ Please use `with_mocked_bindings()` instead. Backtrace: ▆ 1. └─testthat::with_mock(...) at test-server.R:74:5 2. └─lifecycle::deprecate_stop("3.2.0", "with_mock()", "with_mocked_bindings()") 3. └─lifecycle:::deprecate_stop0(msg) 4. └─rlang::cnd_signal(...) ── Error ('test-utils.R:15:5'): API requests ─────────────────────────────────── <lifecycle_error_deprecated/defunctError/rlang_error/error/condition> Error: `with_mock()` was deprecated in testthat 3.2.0 and is now defunct. ℹ Please use `with_mocked_bindings()` instead. Backtrace: ▆ 1. └─testthat::with_mock(...) at test-utils.R:15:5 2. └─lifecycle::deprecate_stop("3.2.0", "with_mock()", "with_mocked_bindings()") 3. └─lifecycle:::deprecate_stop0(msg) 4. └─rlang::cnd_signal(...) ── Error ('test-utils.R:38:5'): Authed API request ───────────────────────────── <lifecycle_error_deprecated/defunctError/rlang_error/error/condition> Error: `with_mock()` was deprecated in testthat 3.2.0 and is now defunct. ℹ Please use `with_mocked_bindings()` instead. Backtrace: ▆ 1. └─testthat::with_mock(...) at test-utils.R:38:5 2. └─lifecycle::deprecate_stop("3.2.0", "with_mock()", "with_mocked_bindings()") 3. └─lifecycle:::deprecate_stop0(msg) 4. └─rlang::cnd_signal(...) ── Error ('test-utils.R:58:5'): serverVersion ────────────────────────────────── <lifecycle_error_deprecated/defunctError/rlang_error/error/condition> Error: `with_mock()` was deprecated in testthat 3.2.0 and is now defunct. ℹ Please use `with_mocked_bindings()` instead. Backtrace: ▆ 1. └─testthat::with_mock(...) at test-utils.R:58:5 2. └─lifecycle::deprecate_stop("3.2.0", "with_mock()", "with_mocked_bindings()") 3. └─lifecycle:::deprecate_stop0(msg) 4. └─rlang::cnd_signal(...) ── Error ('test-utils.R:108:5'): cleanurl ────────────────────────────────────── <lifecycle_error_deprecated/defunctError/rlang_error/error/condition> Error: `with_mock()` was deprecated in testthat 3.2.0 and is now defunct. ℹ Please use `with_mocked_bindings()` instead. Backtrace: ▆ 1. └─testthat::with_mock(...) at test-utils.R:108:5 2. └─lifecycle::deprecate_stop("3.2.0", "with_mock()", "with_mocked_bindings()") 3. └─lifecycle:::deprecate_stop0(msg) 4. └─rlang::cnd_signal(...) ── Failure ('test-zzz.R:7:3'): initialization is okay ────────────────────────── Expected `getOption("Rexperigen.experimenter")` to equal "". Differences: 1/1 mismatches x[1]: "alma" y[1]: "" ── Failure ('test-zzz.R:8:3'): initialization is okay ────────────────────────── Expected `getOption("Rexperigen.password")` to equal "". Differences: 1/1 mismatches x[1]: "korte" y[1]: "" [ FAIL 17 | WARN 0 | SKIP 0 | PASS 23 ] Error: ! Test failures. Execution halted Flavor: r-devel-linux-x86_64-fedora-gcc

Version: 0.2.1
Check: LazyData
Result: NOTE 'LazyData' is specified without a 'data' directory Flavors: r-oldrel-macos-arm64, r-oldrel-macos-x86_64, r-oldrel-windows-x86_64