Last updated on 2025-11-15 02:53:13 CET.
| Flavor | Version | Tinstall | Tcheck | Ttotal | Status | Flags |
|---|---|---|---|---|---|---|
| r-devel-linux-x86_64-debian-clang | 0.1.5 | 7.05 | 41.36 | 48.41 | OK | |
| r-devel-linux-x86_64-debian-gcc | 0.1.5 | 6.11 | 32.14 | 38.25 | OK | |
| r-devel-linux-x86_64-fedora-clang | 0.1.5 | 15.00 | 59.14 | 74.14 | OK | |
| r-devel-linux-x86_64-fedora-gcc | 0.1.5 | 18.00 | 67.68 | 85.68 | OK | |
| r-devel-windows-x86_64 | 0.1.5 | 23.00 | 59.00 | 82.00 | OK | |
| r-patched-linux-x86_64 | 0.1.5 | 7.51 | 38.08 | 45.59 | OK | |
| r-release-linux-x86_64 | 0.1.5 | 6.61 | 38.14 | 44.75 | OK | |
| r-release-macos-arm64 | 0.1.5 | 6.00 | 45.00 | 51.00 | OK | |
| r-release-macos-x86_64 | 0.1.5 | 17.00 | 118.00 | 135.00 | OK | |
| r-release-windows-x86_64 | 0.1.5 | 20.00 | 59.00 | 79.00 | OK | |
| r-oldrel-macos-arm64 | 0.1.5 | 5.00 | 35.00 | 40.00 | NOTE | |
| r-oldrel-macos-x86_64 | 0.1.5 | 16.00 | 113.00 | 129.00 | NOTE | |
| r-oldrel-windows-x86_64 | 0.1.5 | 22.00 | 70.00 | 92.00 | NOTE |
Version: 0.1.5
Check: installed package size
Result: NOTE
installed size is 6.8Mb
sub-directories of 1Mb or more:
extdata 4.9Mb
help 1.4Mb
Flavors: r-oldrel-macos-arm64, r-oldrel-macos-x86_64, r-oldrel-windows-x86_64