Last updated on 2024-04-28 02:03:43 CEST.
Flavor | Version | Tinstall | Tcheck | Ttotal | Status | Flags |
---|---|---|---|---|---|---|
r-devel-linux-x86_64-debian-clang | 0.1.0-1 | 50.75 | 234.95 | 285.70 | OK | |
r-devel-linux-x86_64-debian-gcc | 0.1.0-1 | 39.45 | 218.84 | 258.29 | OK | |
r-devel-linux-x86_64-fedora-clang | 0.1.0-1 | 369.07 | NOTE | |||
r-devel-linux-x86_64-fedora-gcc | 0.1.0-1 | 444.68 | NOTE | |||
r-devel-windows-x86_64 | 0.1.0-1 | 41.00 | 244.00 | 285.00 | OK | |
r-patched-linux-x86_64 | 0.1.0-1 | 37.44 | 293.39 | 330.83 | OK | |
r-release-linux-x86_64 | 0.1.0-1 | 36.30 | 291.34 | 327.64 | OK | |
r-release-macos-arm64 | 0.1.0-1 | 149.00 | OK | |||
r-release-windows-x86_64 | 0.1.0-1 | 42.00 | 250.00 | 292.00 | OK | |
r-oldrel-macos-arm64 | 0.1.0-1 | 152.00 | OK | |||
r-oldrel-macos-x86_64 | 0.1.0-1 | 253.00 | OK | |||
r-oldrel-windows-x86_64 | 0.1.0-1 | 51.00 | 313.00 | 364.00 | OK |
Version: 0.1.0-1
Check: dependencies in R code
Result: NOTE
Namespace in Imports field not imported from: ‘Rcpp’
All declared Imports should be used.
Flavors: r-devel-linux-x86_64-fedora-clang, r-devel-linux-x86_64-fedora-gcc