Last updated on 2025-10-31 01:49:12 CET.
| Flavor | Version | Tinstall | Tcheck | Ttotal | Status | Flags | 
|---|---|---|---|---|---|---|
| r-devel-linux-x86_64-debian-clang | 0.1.1 | 103.89 | 43.45 | 147.34 | OK | |
| r-devel-linux-x86_64-debian-gcc | 0.1.1 | 59.07 | 31.79 | 90.86 | OK | |
| r-devel-linux-x86_64-fedora-clang | 0.1.1 | 119.00 | 158.85 | 277.85 | OK | |
| r-devel-linux-x86_64-fedora-gcc | 0.1.1 | 153.00 | 89.30 | 242.30 | OK | |
| r-devel-windows-x86_64 | 0.1.1 | 116.00 | 74.00 | 190.00 | OK | |
| r-patched-linux-x86_64 | 0.1.1 | 96.73 | 39.50 | 136.23 | OK | |
| r-release-linux-x86_64 | 0.1.1 | 101.23 | 39.74 | 140.97 | OK | |
| r-release-macos-arm64 | 0.1.1 | 35.00 | 21.00 | 56.00 | OK | |
| r-release-macos-x86_64 | 0.1.1 | 39.00 | 45.00 | 84.00 | OK | |
| r-release-windows-x86_64 | 0.1.1 | 116.00 | 79.00 | 195.00 | OK | |
| r-oldrel-macos-arm64 | 0.1.1 | 40.00 | 19.00 | 59.00 | NOTE | |
| r-oldrel-macos-x86_64 | 0.1.1 | 34.00 | 36.00 | 70.00 | NOTE | |
| r-oldrel-windows-x86_64 | 0.1.1 | 136.00 | 96.00 | 232.00 | OK | 
Version: 0.1.1
Check: installed package size
Result: NOTE
    installed size is  6.1Mb
    sub-directories of 1Mb or more:
      libs   5.6Mb
Flavors: r-oldrel-macos-arm64, r-oldrel-macos-x86_64