CRAN Package Check Results for Package SASmarkdown

Last updated on 2025-07-17 02:49:38 CEST.

Flavor Version Tinstall Tcheck Ttotal Status Flags
r-devel-linux-x86_64-debian-clang 0.8.2 2.57 23.11 25.68 NOTE
r-devel-linux-x86_64-debian-gcc 0.8.2 1.45 19.31 20.76 NOTE
r-devel-linux-x86_64-fedora-clang 0.8.2 39.28 OK
r-devel-linux-x86_64-fedora-gcc 0.8.2 37.25 OK
r-devel-windows-x86_64 0.8.2 4.00 44.00 48.00 NOTE
r-patched-linux-x86_64 0.8.2 2.54 21.68 24.22 NOTE
r-release-linux-x86_64 0.8.2 2.48 21.40 23.88 NOTE
r-release-macos-arm64 0.8.2 20.00 OK
r-release-macos-x86_64 0.8.2 35.00 OK
r-release-windows-x86_64 0.8.2 4.00 44.00 48.00 NOTE
r-oldrel-macos-arm64 0.8.2 17.00 OK
r-oldrel-macos-x86_64 0.8.2 30.00 OK
r-oldrel-windows-x86_64 0.8.2 4.00 49.00 53.00 OK

Check Details

Version: 0.8.2
Check: Rd cross-references
Result: NOTE Found the following Rd file(s) with Rd \link{} targets missing package anchors: SASmarkdown-package.rd: knitr-package sas_enginesetup.rd: knit_engines saslog_hookset.rd: knit_hooks Please provide package anchors for all Rd \link{} targets not in the package itself and the base packages. Flavors: r-devel-linux-x86_64-debian-clang, r-devel-linux-x86_64-debian-gcc, r-devel-windows-x86_64, r-patched-linux-x86_64, r-release-linux-x86_64, r-release-windows-x86_64