Last updated on 2025-11-15 02:53:14 CET.
| Flavor | Version | Tinstall | Tcheck | Ttotal | Status | Flags |
|---|---|---|---|---|---|---|
| r-devel-linux-x86_64-debian-clang | 1.2.0 | 7.09 | 67.94 | 75.03 | OK | |
| r-devel-linux-x86_64-debian-gcc | 1.2.0 | 5.35 | 52.74 | 58.09 | OK | |
| r-devel-linux-x86_64-fedora-clang | 1.2.0 | 15.00 | 103.28 | 118.28 | OK | |
| r-devel-linux-x86_64-fedora-gcc | 1.2.0 | 17.00 | 94.99 | 111.99 | OK | |
| r-devel-windows-x86_64 | 1.2.0 | 10.00 | 80.00 | 90.00 | OK | |
| r-patched-linux-x86_64 | 1.2.0 | 7.65 | 65.75 | 73.40 | OK | |
| r-release-linux-x86_64 | 1.2.0 | 6.57 | 66.41 | 72.98 | OK | |
| r-release-macos-arm64 | 1.2.0 | 4.00 | 35.00 | 39.00 | OK | |
| r-release-macos-x86_64 | 1.2.0 | 14.00 | 96.00 | 110.00 | OK | |
| r-release-windows-x86_64 | 1.2.0 | 9.00 | 79.00 | 88.00 | OK | |
| r-oldrel-macos-arm64 | 1.2.0 | 4.00 | 38.00 | 42.00 | OK | |
| r-oldrel-macos-x86_64 | 1.2.0 | 17.00 | 100.00 | 117.00 | OK | |
| r-oldrel-windows-x86_64 | 1.2.0 | 11.00 | 98.00 | 109.00 | NOTE |
Version: 1.2.0
Check: package dependencies
Result: NOTE
Package suggested but not available for checking: 'gpuR'
Flavor: r-oldrel-windows-x86_64