Last updated on 2025-11-15 03:50:29 CET.
| Flavor | Version | Tinstall | Tcheck | Ttotal | Status | Flags |
|---|---|---|---|---|---|---|
| r-devel-linux-x86_64-debian-clang | 0.3-4 | 577.74 | 150.22 | 727.96 | OK | |
| r-devel-linux-x86_64-debian-gcc | 0.3-4 | 349.98 | 104.12 | 454.10 | OK | |
| r-devel-linux-x86_64-fedora-clang | 0.3-4 | 1140.00 | 284.63 | 1424.63 | OK | |
| r-devel-linux-x86_64-fedora-gcc | 0.3-4 | 780.00 | 481.93 | 1261.93 | OK | |
| r-devel-windows-x86_64 | 0.3-4 | 722.00 | 258.00 | 980.00 | OK | |
| r-patched-linux-x86_64 | 0.3-4 | 578.65 | 141.30 | 719.95 | OK | |
| r-release-linux-x86_64 | 0.3-4 | 570.35 | 139.02 | 709.37 | OK | |
| r-release-macos-arm64 | 0.3-4 | 154.00 | 63.00 | 217.00 | OK | |
| r-release-macos-x86_64 | 0.3-4 | 94.00 | 140.00 | 234.00 | OK | |
| r-release-windows-x86_64 | 0.3-4 | 646.00 | 257.00 | 903.00 | OK | |
| r-oldrel-macos-arm64 | 0.3-4 | 145.00 | 72.00 | 217.00 | NOTE | |
| r-oldrel-macos-x86_64 | 0.3-4 | 93.00 | 162.00 | 255.00 | NOTE | |
| r-oldrel-windows-x86_64 | 0.3-4 | 744.00 | 295.00 | 1039.00 | OK |
Version: 0.3-4
Check: installed package size
Result: NOTE
installed size is 17.5Mb
sub-directories of 1Mb or more:
help 2.4Mb
libs 14.0Mb
Flavors: r-oldrel-macos-arm64, r-oldrel-macos-x86_64