Last updated on 2024-05-21 02:02:22 CEST.
Flavor | Version | Tinstall | Tcheck | Ttotal | Status | Flags |
---|---|---|---|---|---|---|
r-devel-linux-x86_64-debian-clang | 1.1 | 5.11 | 53.61 | 58.72 | NOTE | |
r-devel-linux-x86_64-debian-gcc | 1.1 | 4.42 | 40.18 | 44.60 | NOTE | |
r-devel-linux-x86_64-fedora-clang | 1.1 | 73.89 | NOTE | |||
r-devel-linux-x86_64-fedora-gcc | 1.1 | 69.25 | NOTE | |||
r-devel-windows-x86_64 | 1.1 | 6.00 | 63.00 | 69.00 | NOTE | |
r-patched-linux-x86_64 | 1.1 | 11.65 | 51.18 | 62.83 | NOTE | |
r-release-linux-x86_64 | 1.1 | 6.88 | 49.81 | 56.69 | NOTE | |
r-release-macos-arm64 | 1.1 | 27.00 | NOTE | |||
r-release-windows-x86_64 | 1.1 | 9.00 | 60.00 | 69.00 | NOTE | |
r-oldrel-macos-arm64 | 1.1 | 26.00 | OK | |||
r-oldrel-macos-x86_64 | 1.1 | 40.00 | OK | |||
r-oldrel-windows-x86_64 | 1.1 | 10.00 | 69.00 | 79.00 | OK |
Version: 1.1
Check: Rd files
Result: NOTE
checkRd: (-1) readratdatafixed.Rd:25: Lost braces; missing escapes or markup?
25 | number of the set {1, 2, 3}, {1..5}, {1..7} or {1..9}. When there are 10
| ^
checkRd: (-1) readratdatafixed.Rd:25: Lost braces; missing escapes or markup?
25 | number of the set {1, 2, 3}, {1..5}, {1..7} or {1..9}. When there are 10
| ^
checkRd: (-1) readratdatafixed.Rd:25: Lost braces; missing escapes or markup?
25 | number of the set {1, 2, 3}, {1..5}, {1..7} or {1..9}. When there are 10
| ^
checkRd: (-1) readratdatafixed.Rd:25: Lost braces; missing escapes or markup?
25 | number of the set {1, 2, 3}, {1..5}, {1..7} or {1..9}. When there are 10
| ^
Flavors: r-devel-linux-x86_64-debian-clang, r-devel-linux-x86_64-debian-gcc, r-devel-linux-x86_64-fedora-clang, r-devel-linux-x86_64-fedora-gcc, r-devel-windows-x86_64, r-patched-linux-x86_64, r-release-linux-x86_64, r-release-macos-arm64, r-release-windows-x86_64