Last updated on 2025-11-15 03:50:31 CET.
| Flavor | Version | Tinstall | Tcheck | Ttotal | Status | Flags |
|---|---|---|---|---|---|---|
| r-devel-linux-x86_64-debian-clang | 2.2.5.1 | 23.19 | 198.20 | 221.39 | NOTE | |
| r-devel-linux-x86_64-debian-gcc | 2.2.5.1 | 15.12 | 136.19 | 151.31 | NOTE | |
| r-devel-linux-x86_64-fedora-clang | 2.2.5.1 | 48.00 | 299.59 | 347.59 | OK | |
| r-devel-linux-x86_64-fedora-gcc | 2.2.5.1 | 101.00 | 242.67 | 343.67 | OK | |
| r-devel-windows-x86_64 | 2.2.5.1 | 27.00 | 213.00 | 240.00 | NOTE | |
| r-patched-linux-x86_64 | 2.2.5.1 | 22.41 | 188.42 | 210.83 | NOTE | |
| r-release-linux-x86_64 | 2.2.5.1 | 20.07 | 186.58 | 206.65 | NOTE | |
| r-release-macos-arm64 | 2.2.5.1 | 11.00 | 85.00 | 96.00 | OK | |
| r-release-macos-x86_64 | 2.2.5.1 | 21.00 | 170.00 | 191.00 | OK | |
| r-release-windows-x86_64 | 2.2.5.1 | 26.00 | 212.00 | 238.00 | NOTE | |
| r-oldrel-macos-arm64 | 2.2.5.1 | 11.00 | 86.00 | 97.00 | OK | |
| r-oldrel-macos-x86_64 | 2.2.5.1 | 16.00 | 130.00 | 146.00 | OK | |
| r-oldrel-windows-x86_64 | 2.2.5.1 | 38.00 | 285.00 | 323.00 | OK |
Version: 2.2.5.1
Check: Rd cross-references
Result: NOTE
Found the following Rd file(s) with Rd \link{} targets missing package
anchors:
import_local_nut.Rd: rem_reps, all_params, all_params_dtrng,
single_param
Please provide package anchors for all Rd \link{} targets not in the
package itself and the base packages.
Flavors: r-devel-linux-x86_64-debian-clang, r-devel-linux-x86_64-debian-gcc, r-devel-windows-x86_64, r-patched-linux-x86_64, r-release-linux-x86_64, r-release-windows-x86_64