Last updated on 2025-10-10 01:49:18 CEST.
Flavor | Version | Tinstall | Tcheck | Ttotal | Status | Flags |
---|---|---|---|---|---|---|
r-devel-linux-x86_64-debian-clang | 1.5-4 | 8.71 | 89.73 | 98.44 | NOTE | |
r-devel-linux-x86_64-debian-gcc | 1.5-5 | 6.05 | 65.06 | 71.11 | OK | |
r-devel-linux-x86_64-fedora-clang | 1.5-5 | 157.65 | OK | |||
r-devel-linux-x86_64-fedora-gcc | 1.5-5 | 172.30 | OK | |||
r-devel-windows-x86_64 | 1.5-5 | 16.00 | 55.00 | 71.00 | OK | --no-vignettes |
r-patched-linux-x86_64 | 1.5-4 | 10.19 | 85.63 | 95.82 | OK | |
r-release-linux-x86_64 | 1.5-4 | 9.09 | 88.53 | 97.62 | OK | |
r-release-macos-arm64 | 1.5-5 | 49.00 | OK | |||
r-release-macos-x86_64 | 1.5-5 | 95.00 | OK | |||
r-release-windows-x86_64 | 1.5-4 | 12.00 | 108.00 | 120.00 | OK | --no-vignettes |
r-oldrel-macos-arm64 | 1.5-5 | 53.00 | OK | |||
r-oldrel-macos-x86_64 | 1.5-5 | 93.00 | OK | |||
r-oldrel-windows-x86_64 | 1.5-4 | 14.00 | 104.00 | 118.00 | OK | --no-vignettes |
Version: 1.5-4
Check: CRAN incoming feasibility
Result: NOTE
Maintainer: ‘Giulio Barcaroli <gbarcaroli@gmail.com>’
No Authors@R field in DESCRIPTION.
Please add one, modifying
Authors@R: c(person(given = "Giulio",
family = "Barcaroli",
role = c("aut", "cre"),
email = "gbarcaroli@gmail.com"),
person(given = "Marco",
family = "Ballin",
role = "aut"),
person(given = "Hanjo",
family = "Odendaal",
role = "aut"),
person(given = "Daniela",
family = "Pagliuca",
role = "aut"),
person(given = "Egon",
family = "Willighagen",
role = "aut"),
person(given = "Diego",
family = "Zardetto",
role = "aut"))
as necessary.
Package CITATION file contains call(s) to old-style personList() or
as.personList(). Please use c() on person objects instead.
Package CITATION file contains call(s) to old-style citEntry(). Please
use bibentry() instead.
The Description field contains
'genalg' package. M.Ballin, G.Barcaroli (2020) <arXiv:2004.09366> "R
Please refer to arXiv e-prints via their arXiv DOI <doi:10.48550/arXiv.YYMM.NNNNN>.
Flavor: r-devel-linux-x86_64-debian-clang