Last updated on 2025-11-15 02:53:15 CET.
| Flavor | Version | Tinstall | Tcheck | Ttotal | Status | Flags |
|---|---|---|---|---|---|---|
| r-devel-linux-x86_64-debian-clang | 1.0.2 | 61.58 | 41.93 | 103.51 | OK | |
| r-devel-linux-x86_64-debian-gcc | 1.0.2 | 41.56 | 32.00 | 73.56 | OK | |
| r-devel-linux-x86_64-fedora-clang | 1.0.2 | 359.00 | -149.55 | 209.45 | OK | |
| r-devel-linux-x86_64-fedora-gcc | 1.0.2 | 366.00 | -178.38 | 187.62 | OK | |
| r-devel-windows-x86_64 | 1.0.2 | 76.00 | 76.00 | 152.00 | OK | |
| r-patched-linux-x86_64 | 1.0.2 | 57.81 | 38.63 | 96.44 | OK | |
| r-release-linux-x86_64 | 1.0.2 | 59.09 | 38.96 | 98.05 | OK | |
| r-release-macos-arm64 | 1.0.2 | 22.00 | 23.00 | 45.00 | OK | |
| r-release-macos-x86_64 | 1.0.2 | 39.00 | 37.00 | 76.00 | OK | |
| r-release-windows-x86_64 | 1.0.2 | 64.00 | 80.00 | 144.00 | OK | |
| r-oldrel-macos-arm64 | 1.0.2 | 21.00 | 28.00 | 49.00 | NOTE | |
| r-oldrel-macos-x86_64 | 1.0.2 | 36.00 | 41.00 | 77.00 | NOTE | |
| r-oldrel-windows-x86_64 | 1.0.2 | 67.00 | 93.00 | 160.00 | OK |
Version: 1.0.2
Check: installed package size
Result: NOTE
installed size is 5.3Mb
sub-directories of 1Mb or more:
data 2.4Mb
libs 2.7Mb
Flavors: r-oldrel-macos-arm64, r-oldrel-macos-x86_64