Last updated on 2024-05-02 01:57:16 CEST.
Flavor | Version | Tinstall | Tcheck | Ttotal | Status | Flags |
---|---|---|---|---|---|---|
r-devel-linux-x86_64-debian-clang | 2.0-7 | 4.58 | 279.84 | 284.42 | OK | |
r-devel-linux-x86_64-debian-gcc | 2.0-7 | 3.61 | 209.39 | 213.00 | OK | |
r-devel-linux-x86_64-fedora-clang | 2.0-7 | 358.72 | NOTE | |||
r-devel-linux-x86_64-fedora-gcc | 2.0-7 | 362.33 | OK | |||
r-devel-windows-x86_64 | 2.0-7 | 6.00 | 490.00 | 496.00 | NOTE | |
r-patched-linux-x86_64 | 2.0-7 | 8.05 | 263.00 | 271.05 | OK | |
r-release-linux-x86_64 | 2.0-7 | 3.55 | 268.45 | 272.00 | OK | |
r-release-macos-arm64 | 2.0-7 | 114.00 | NOTE | |||
r-release-macos-x86_64 | 2.0-7 | 370.00 | NOTE | |||
r-release-windows-x86_64 | 2.0-7 | 6.00 | 386.00 | 392.00 | NOTE | |
r-oldrel-macos-arm64 | 2.0-7 | 128.00 | NOTE | |||
r-oldrel-macos-x86_64 | 2.0-7 | 375.00 | NOTE | |||
r-oldrel-windows-x86_64 | 2.0-7 | 8.00 | 547.00 | 555.00 | NOTE |
Version: 2.0-7
Check: installed package size
Result: NOTE
installed size is 5.1Mb
sub-directories of 1Mb or more:
doc 4.4Mb
Flavors: r-devel-linux-x86_64-fedora-clang, r-devel-windows-x86_64, r-release-macos-arm64, r-release-macos-x86_64, r-release-windows-x86_64, r-oldrel-macos-arm64, r-oldrel-macos-x86_64, r-oldrel-windows-x86_64