Last updated on 2025-05-05 01:51:04 CEST.
Flavor | Version | Tinstall | Tcheck | Ttotal | Status | Flags |
---|---|---|---|---|---|---|
r-devel-linux-x86_64-debian-clang | 2.0.1 | 2.69 | 24.93 | 27.62 | NOTE | |
r-devel-linux-x86_64-debian-gcc | 2.0.1 | 2.01 | 19.89 | 21.90 | NOTE | |
r-devel-linux-x86_64-fedora-clang | 2.0.1 | 42.52 | OK | |||
r-devel-linux-x86_64-fedora-gcc | 2.0.1 | 40.98 | OK | |||
r-devel-windows-x86_64 | 2.0.1 | 5.00 | 47.00 | 52.00 | OK | |
r-patched-linux-x86_64 | 2.0.1 | 2.99 | 24.11 | 27.10 | OK | |
r-release-linux-x86_64 | 2.0.1 | 2.59 | 23.71 | 26.30 | OK | |
r-release-macos-arm64 | 2.0.1 | 21.00 | OK | |||
r-release-macos-x86_64 | 2.0.1 | 28.00 | OK | |||
r-release-windows-x86_64 | 2.0.1 | 3.00 | 49.00 | 52.00 | OK | |
r-oldrel-macos-arm64 | 2.0.1 | 17.00 | OK | |||
r-oldrel-macos-x86_64 | 2.0.1 | 25.00 | OK | |||
r-oldrel-windows-x86_64 | 2.0.1 | 6.00 | 54.00 | 60.00 | OK |
Version: 2.0.1
Check: CRAN incoming feasibility
Result: NOTE
Maintainer: ‘Lax Chan <laxchan77@gmail.com>’
The Description field contains
W., Vincent, K (2019) <arXiv:1902.05156>. This package explicitly
Please refer to arXiv e-prints via their arXiv DOI <doi:10.48550/arXiv.YYMM.NNNNN>.
Flavors: r-devel-linux-x86_64-debian-clang, r-devel-linux-x86_64-debian-gcc