CRAN Package Check Results for Package Spillover

Last updated on 2025-10-09 02:51:57 CEST.

Flavor Version Tinstall Tcheck Ttotal Status Flags
r-devel-linux-x86_64-debian-clang 0.1.1 7.67 266.62 274.29 NOTE
r-devel-linux-x86_64-debian-gcc 0.1.1 5.27 167.11 172.38 NOTE
r-devel-linux-x86_64-fedora-clang 0.1.1 440.81 OK
r-devel-linux-x86_64-fedora-gcc 0.1.1 440.30 OK
r-devel-windows-x86_64 0.1.1 10.00 237.00 247.00 OK
r-patched-linux-x86_64 0.1.1 7.18 262.63 269.81 OK
r-release-linux-x86_64 0.1.1 8.38 260.34 268.72 OK
r-release-macos-arm64 0.1.1 146.00 OK
r-release-macos-x86_64 0.1.1 336.00 OK
r-release-windows-x86_64 0.1.1 10.00 257.00 267.00 OK
r-oldrel-macos-arm64 0.1.1 141.00 OK
r-oldrel-macos-x86_64 0.1.1 266.00 OK
r-oldrel-windows-x86_64 0.1.1 13.00 407.00 420.00 OK

Check Details

Version: 0.1.1
Check: CRAN incoming feasibility
Result: NOTE Maintainer: ‘Jilber Urbina <JilberUrbina@gmail.com>’ No Authors@R field in DESCRIPTION. Please add one, modifying Authors@R: person(given = "Jilber", family = "Urbina", role = c("aut", "cre"), email = "jilberurbina@gmail.com") as necessary. Flavors: r-devel-linux-x86_64-debian-clang, r-devel-linux-x86_64-debian-gcc