Last updated on 2024-05-11 01:50:55 CEST.
Flavor | Version | Tinstall | Tcheck | Ttotal | Status | Flags |
---|---|---|---|---|---|---|
r-devel-linux-x86_64-debian-clang | 1.2.0 | 780.46 | 257.90 | 1038.36 | NOTE | |
r-devel-linux-x86_64-debian-gcc | 1.2.0 | 729.23 | 235.78 | 965.01 | NOTE | |
r-devel-linux-x86_64-fedora-clang | 1.2.0 | 1266.97 | NOTE | |||
r-devel-linux-x86_64-fedora-gcc | 1.2.0 | 1914.50 | NOTE | |||
r-devel-windows-x86_64 | 1.2.0 | 577.00 | 253.00 | 830.00 | NOTE | |
r-patched-linux-x86_64 | 1.2.0 | 782.53 | 309.83 | 1092.36 | NOTE | |
r-release-linux-x86_64 | 1.2.0 | 666.52 | 314.34 | 980.86 | NOTE | |
r-release-macos-arm64 | 1.2.0 | 301.00 | NOTE | |||
r-release-windows-x86_64 | 1.2.0 | 560.00 | 248.00 | 808.00 | NOTE | |
r-oldrel-macos-arm64 | 1.2.0 | 360.00 | NOTE | |||
r-oldrel-macos-x86_64 | 1.2.0 | 551.00 | NOTE | |||
r-oldrel-windows-x86_64 | 1.2.0 | 734.00 | 310.00 | 1044.00 | NOTE |
Version: 1.2.0
Check: for GNU extensions in Makefiles
Result: NOTE
GNU make is a SystemRequirements.
Flavors: r-devel-linux-x86_64-debian-clang, r-devel-linux-x86_64-debian-gcc, r-devel-linux-x86_64-fedora-clang, r-devel-linux-x86_64-fedora-gcc, r-devel-windows-x86_64, r-patched-linux-x86_64, r-release-linux-x86_64, r-release-macos-arm64, r-release-windows-x86_64, r-oldrel-macos-arm64, r-oldrel-macos-x86_64, r-oldrel-windows-x86_64
Version: 1.2.0
Check: installed package size
Result: NOTE
installed size is 7.6Mb
sub-directories of 1Mb or more:
libs 6.8Mb
Flavors: r-devel-linux-x86_64-fedora-clang, r-devel-windows-x86_64, r-release-macos-arm64, r-release-windows-x86_64, r-oldrel-macos-arm64, r-oldrel-macos-x86_64, r-oldrel-windows-x86_64
Version: 1.2.0
Check: dependencies in R code
Result: NOTE
Namespaces in Imports field not imported from:
‘RcppParallel’ ‘httr’ ‘latex2exp’ ‘rstantools’ ‘tibble’ ‘tidyverse’
‘utils’
All declared Imports should be used.
Flavors: r-devel-linux-x86_64-fedora-clang, r-devel-linux-x86_64-fedora-gcc