Last updated on 2025-11-15 02:53:17 CET.
| Flavor | Version | Tinstall | Tcheck | Ttotal | Status | Flags |
|---|---|---|---|---|---|---|
| r-devel-linux-x86_64-debian-clang | 0.1.9 | 59.62 | 456.00 | 515.62 | NOTE | |
| r-devel-linux-x86_64-debian-gcc | 0.1.9 | 41.00 | 334.49 | 375.49 | NOTE | |
| r-devel-linux-x86_64-fedora-clang | 0.1.9 | 237.00 | 595.25 | 832.25 | OK | |
| r-devel-linux-x86_64-fedora-gcc | 0.1.9 | 124.00 | 670.51 | 794.51 | OK | |
| r-devel-windows-x86_64 | 0.1.9 | 63.00 | 609.00 | 672.00 | OK | |
| r-patched-linux-x86_64 | 0.1.9 | 50.78 | 440.09 | 490.87 | OK | |
| r-release-linux-x86_64 | 0.1.9 | 55.47 | 436.27 | 491.74 | OK | |
| r-release-macos-arm64 | 0.1.9 | 37.00 | 260.00 | 297.00 | OK | |
| r-release-macos-x86_64 | 0.1.9 | 9.00 | ERROR | |||
| r-release-windows-x86_64 | 0.1.9 | 59.00 | 571.00 | 630.00 | OK | |
| r-oldrel-macos-arm64 | 0.1.9 | 27.00 | 196.00 | 223.00 | OK | |
| r-oldrel-macos-x86_64 | 0.1.9 | 49.00 | 273.00 | 322.00 | NOTE | |
| r-oldrel-windows-x86_64 | 0.1.9 | 75.00 | 524.00 | 599.00 | OK |
Version: 0.1.9
Check: CRAN incoming feasibility
Result: NOTE
Maintainer: ‘Junwei Han <hanjunwei1981@163.com>’
No Authors@R field in DESCRIPTION.
Please add one, modifying
Authors@R: c(person(given = "Xudong",
family = "Han",
role = "aut"),
person(given = "Junwei",
family = "Han",
role = c("aut", "cre"),
email = "hanjunwei1981@163.com"),
person(given = "Chonghui",
family = "Liu",
role = "aut"))
as necessary.
Flavors: r-devel-linux-x86_64-debian-clang, r-devel-linux-x86_64-debian-gcc
Version: 0.1.9
Check: package dependencies
Result: ERROR
Package required but not available: ‘ChemmineR’
See section ‘The DESCRIPTION file’ in the ‘Writing R Extensions’
manual.
Flavor: r-release-macos-x86_64
Version: 0.1.9
Check: installed package size
Result: NOTE
installed size is 5.7Mb
sub-directories of 1Mb or more:
data 5.0Mb
Flavor: r-oldrel-macos-x86_64