CRAN Package Check Results for Package TGST

Last updated on 2025-11-02 02:50:58 CET.

Flavor Version Tinstall Tcheck Ttotal Status Flags
r-devel-linux-x86_64-debian-clang 1.0 6.11 77.70 83.81 OK
r-devel-linux-x86_64-debian-gcc 1.0 4.50 58.36 62.86 OK
r-devel-linux-x86_64-fedora-clang 1.0 12.00 116.97 128.97 NOTE
r-devel-linux-x86_64-fedora-gcc 1.0 12.00 131.55 143.55 NOTE
r-devel-windows-x86_64 1.0 8.00 121.00 129.00 OK
r-patched-linux-x86_64 1.0 5.97 73.43 79.40 OK
r-release-linux-x86_64 1.0 4.71 73.20 77.91 OK
r-release-macos-arm64 1.0 3.00 70.00 73.00 OK
r-release-macos-x86_64 1.0 6.00 81.00 87.00 OK
r-release-windows-x86_64 1.0 8.00 106.00 114.00 OK
r-oldrel-macos-arm64 1.0 3.00 40.00 43.00 OK
r-oldrel-macos-x86_64 1.0 6.00 67.00 73.00 OK
r-oldrel-windows-x86_64 1.0 10.00 131.00 141.00 OK

Check Details

Version: 1.0
Check: dependencies in R code
Result: NOTE Namespace in Imports field not imported from: ‘knitr’ All declared Imports should be used. Flavors: r-devel-linux-x86_64-fedora-clang, r-devel-linux-x86_64-fedora-gcc