Last updated on 2025-05-05 01:51:05 CEST.
Flavor | Version | Tinstall | Tcheck | Ttotal | Status | Flags |
---|---|---|---|---|---|---|
r-devel-linux-x86_64-debian-clang | 1.2 | 1.74 | 16.83 | 18.57 | NOTE | |
r-devel-linux-x86_64-debian-gcc | 1.2 | 1.53 | 13.91 | 15.44 | NOTE | |
r-devel-linux-x86_64-fedora-clang | 1.2 | 29.93 | OK | |||
r-devel-linux-x86_64-fedora-gcc | 1.2 | 28.45 | OK | |||
r-devel-windows-x86_64 | 1.2 | 3.00 | 39.00 | 42.00 | OK | |
r-patched-linux-x86_64 | 1.2 | 1.59 | 16.12 | 17.71 | OK | |
r-release-linux-x86_64 | 1.2 | 1.76 | 16.41 | 18.17 | OK | |
r-release-macos-arm64 | 1.2 | 15.00 | OK | |||
r-release-macos-x86_64 | 1.2 | 22.00 | OK | |||
r-release-windows-x86_64 | 1.2 | 5.00 | 40.00 | 45.00 | OK | |
r-oldrel-macos-arm64 | 1.2 | 15.00 | OK | |||
r-oldrel-macos-x86_64 | 1.2 | 19.00 | OK | |||
r-oldrel-windows-x86_64 | 1.2 | 3.00 | 39.00 | 42.00 | OK |
Version: 1.2
Check: CRAN incoming feasibility
Result: NOTE
Maintainer: ‘Philip C Schouten <philip.schouten@gmail.com>’
No Authors@R field in DESCRIPTION.
Please add one, modifying
Authors@R: person(given = c("Philip", "C"),
family = "Schouten",
role = c("aut", "cre"),
email = "philip.schouten@gmail.com")
as necessary.
Flavors: r-devel-linux-x86_64-debian-clang, r-devel-linux-x86_64-debian-gcc