CRAN Package Check Results for Package TcGSA

Last updated on 2025-11-15 03:50:32 CET.

Flavor Version Tinstall Tcheck Ttotal Status Flags
r-devel-linux-x86_64-debian-clang 0.12.13 15.01 134.58 149.59 NOTE
r-devel-linux-x86_64-debian-gcc 0.12.13 11.52 98.20 109.72 NOTE
r-devel-linux-x86_64-fedora-clang 0.12.13 90.00 167.75 257.75 OK
r-devel-linux-x86_64-fedora-gcc 0.12.13 78.00 187.20 265.20 OK
r-devel-windows-x86_64 0.12.13 20.00 131.00 151.00 OK
r-patched-linux-x86_64 0.12.13 15.22 128.07 143.29 OK
r-release-linux-x86_64 0.12.13 14.92 128.78 143.70 OK
r-release-macos-arm64 0.12.13 7.00 59.00 66.00 OK
r-release-macos-x86_64 0.12.13 13.00 116.00 129.00 OK
r-release-windows-x86_64 0.12.13 18.00 129.00 147.00 OK
r-oldrel-macos-arm64 0.12.13 7.00 70.00 77.00 OK
r-oldrel-macos-x86_64 0.12.13 14.00 110.00 124.00 OK
r-oldrel-windows-x86_64 0.12.13 24.00 168.00 192.00 OK

Check Details

Version: 0.12.13
Check: CRAN incoming feasibility
Result: NOTE Maintainer: ‘Boris P Hejblum <boris.hejblum@u-bordeaux.fr>’ Found the following (possibly) invalid URLs: URL: https://docs.gsea-msigdb.org/#GSEA/Data_Formats/#gmt-gene-matrix-transposed-file-format-gmt/ From: inst/doc/TcGSA_userguide.html Message: Invalid URL: '#' not allowed in fragment Flavors: r-devel-linux-x86_64-debian-clang, r-devel-linux-x86_64-debian-gcc