CRAN Package Check Results for Package TemporalGSSA

Last updated on 2025-11-15 02:53:17 CET.

Flavor Version Tinstall Tcheck Ttotal Status Flags
r-devel-linux-x86_64-debian-clang 1.0.1 1.58 20.31 21.89 NOTE
r-devel-linux-x86_64-debian-gcc 1.0.1 1.32 16.93 18.25 NOTE
r-devel-linux-x86_64-fedora-clang 1.0.1 32.39 OK
r-devel-linux-x86_64-fedora-gcc 1.0.1 31.16 OK
r-devel-windows-x86_64 1.0.1 3.00 130.00 133.00 OK
r-patched-linux-x86_64 1.0.1 1.63 19.08 20.71 OK
r-release-linux-x86_64 1.0.1 1.58 19.48 21.06 OK
r-release-macos-arm64 1.0.1 1.00 15.00 16.00 OK
r-release-macos-x86_64 1.0.1 1.00 22.00 23.00 OK
r-release-windows-x86_64 1.0.1 3.00 38.00 41.00 OK
r-oldrel-macos-arm64 1.0.1 1.00 14.00 15.00 OK
r-oldrel-macos-x86_64 1.0.1 1.00 19.00 20.00 OK
r-oldrel-windows-x86_64 1.0.1 2.00 44.00 46.00 OK

Check Details

Version: 1.0.1
Check: CRAN incoming feasibility
Result: NOTE Maintainer: ‘Siddhartha Kundu <siddhartha_kundu@aiims.edu>’ No Authors@R field in DESCRIPTION. Please add one, modifying Authors@R: person(given = "Siddhartha", family = "Kundu", role = c("aut", "cre"), email = "siddhartha_kundu@aiims.edu") as necessary. Flavors: r-devel-linux-x86_64-debian-clang, r-devel-linux-x86_64-debian-gcc