CRAN Package Check Results for Package ThermalSampleR

Last updated on 2025-10-09 02:51:59 CEST.

Flavor Version Tinstall Tcheck Ttotal Status Flags
r-devel-linux-x86_64-debian-clang 0.1.2 7.38 120.18 127.56 OK
r-devel-linux-x86_64-debian-gcc 0.1.2 5.40 80.94 86.34 OK
r-devel-linux-x86_64-fedora-clang 0.1.2 196.88 NOTE
r-devel-linux-x86_64-fedora-gcc 0.1.2 199.51 NOTE
r-devel-windows-x86_64 0.1.2 9.00 116.00 125.00 OK
r-patched-linux-x86_64 0.1.2 6.90 112.32 119.22 OK
r-release-linux-x86_64 0.1.2 5.60 112.32 117.92 OK
r-release-macos-arm64 0.1.2 51.00 OK
r-release-macos-x86_64 0.1.2 116.00 OK
r-release-windows-x86_64 0.1.2 11.00 179.00 190.00 OK
r-oldrel-macos-arm64 0.1.2 52.00 OK
r-oldrel-macos-x86_64 0.1.2 84.00 OK
r-oldrel-windows-x86_64 0.1.2 12.00 214.00 226.00 OK

Check Details

Version: 0.1.2
Check: dependencies in R code
Result: NOTE Namespaces in Imports field not imported from: ‘MASS’ ‘base’ ‘graphics’ ‘janitor’ ‘rlang’ ‘testthat’ ‘utils’ All declared Imports should be used. Flavors: r-devel-linux-x86_64-fedora-clang, r-devel-linux-x86_64-fedora-gcc