Last updated on 2024-05-03 01:51:42 CEST.
Flavor | Version | Tinstall | Tcheck | Ttotal | Status | Flags |
---|---|---|---|---|---|---|
r-devel-linux-x86_64-debian-clang | 4.4.2 | 30.94 | 44.83 | 75.77 | ERROR | |
r-devel-linux-x86_64-debian-gcc | 4.4.2 | 24.21 | 35.12 | 59.33 | OK | |
r-devel-linux-x86_64-fedora-gcc | 4.4.2 | 118.37 | OK | |||
r-devel-windows-x86_64 | 4.4.2 | 55.00 | 127.00 | 182.00 | NOTE | |
r-patched-linux-x86_64 | 4.4.2 | 33.34 | 45.17 | 78.51 | OK | |
r-release-linux-x86_64 | 4.4.2 | 32.57 | 43.00 | 75.57 | ERROR | |
r-release-macos-arm64 | 4.4.2 | 60.00 | NOTE | |||
r-release-macos-x86_64 | 4.4.2 | 135.00 | NOTE | |||
r-release-windows-x86_64 | 4.4.2 | 53.00 | 120.00 | 173.00 | NOTE | |
r-oldrel-macos-arm64 | 4.4.2 | 75.00 | NOTE | |||
r-oldrel-macos-x86_64 | 4.4.2 | 196.00 | NOTE | |||
r-oldrel-windows-x86_64 | 4.4.2 | 89.00 | 149.00 | 238.00 | NOTE |
Version: 4.4.2
Check: examples
Result: ERROR
Running examples in ‘V8-Ex.R’ failed
The error most likely occurred in:
> base::assign(".ptime", proc.time(), pos = "CheckExEnv")
> ### Name: V8
> ### Title: Run JavaScript in a V8 context
> ### Aliases: V8 v8 new_context engine_info
>
> ### ** Examples
>
> # Create a new context
> ctx <- v8();
>
> # Evaluate some code
> ctx$eval("var foo = 123")
> ctx$eval("var bar = 456")
> ctx$eval("foo+bar")
[1] "579"
>
> # Functions and closures
> ctx$eval("JSON.stringify({x:Math.random()})")
[1] "{\"x\":0.6641683199961967}"
> ctx$eval("(function(x){return x+1;})(123)")
[1] "124"
>
> # Objects (via JSON only)
> ctx$assign("mydata", mtcars)
> ctx$get("mydata")
mpg cyl disp hp drat wt qsec vs am gear carb
Mazda RX4 21.0 6 160.0 110 3.90 2.620 16.46 0 1 4 4
Mazda RX4 Wag 21.0 6 160.0 110 3.90 2.875 17.02 0 1 4 4
Datsun 710 22.8 4 108.0 93 3.85 2.320 18.61 1 1 4 1
Hornet 4 Drive 21.4 6 258.0 110 3.08 3.215 19.44 1 0 3 1
Hornet Sportabout 18.7 8 360.0 175 3.15 3.440 17.02 0 0 3 2
Valiant 18.1 6 225.0 105 2.76 3.460 20.22 1 0 3 1
Duster 360 14.3 8 360.0 245 3.21 3.570 15.84 0 0 3 4
Merc 240D 24.4 4 146.7 62 3.69 3.190 20.00 1 0 4 2
Merc 230 22.8 4 140.8 95 3.92 3.150 22.90 1 0 4 2
Merc 280 19.2 6 167.6 123 3.92 3.440 18.30 1 0 4 4
Merc 280C 17.8 6 167.6 123 3.92 3.440 18.90 1 0 4 4
Merc 450SE 16.4 8 275.8 180 3.07 4.070 17.40 0 0 3 3
Merc 450SL 17.3 8 275.8 180 3.07 3.730 17.60 0 0 3 3
Merc 450SLC 15.2 8 275.8 180 3.07 3.780 18.00 0 0 3 3
Cadillac Fleetwood 10.4 8 472.0 205 2.93 5.250 17.98 0 0 3 4
Lincoln Continental 10.4 8 460.0 215 3.00 5.424 17.82 0 0 3 4
Chrysler Imperial 14.7 8 440.0 230 3.23 5.345 17.42 0 0 3 4
Fiat 128 32.4 4 78.7 66 4.08 2.200 19.47 1 1 4 1
Honda Civic 30.4 4 75.7 52 4.93 1.615 18.52 1 1 4 2
Toyota Corolla 33.9 4 71.1 65 4.22 1.835 19.90 1 1 4 1
Toyota Corona 21.5 4 120.1 97 3.70 2.465 20.01 1 0 3 1
Dodge Challenger 15.5 8 318.0 150 2.76 3.520 16.87 0 0 3 2
AMC Javelin 15.2 8 304.0 150 3.15 3.435 17.30 0 0 3 2
Camaro Z28 13.3 8 350.0 245 3.73 3.840 15.41 0 0 3 4
Pontiac Firebird 19.2 8 400.0 175 3.08 3.845 17.05 0 0 3 2
Fiat X1-9 27.3 4 79.0 66 4.08 1.935 18.90 1 1 4 1
Porsche 914-2 26.0 4 120.3 91 4.43 2.140 16.70 0 1 5 2
Lotus Europa 30.4 4 95.1 113 3.77 1.513 16.90 1 1 5 2
Ford Pantera L 15.8 8 351.0 264 4.22 3.170 14.50 0 1 5 4
Ferrari Dino 19.7 6 145.0 175 3.62 2.770 15.50 0 1 5 6
Maserati Bora 15.0 8 301.0 335 3.54 3.570 14.60 0 1 5 8
Volvo 142E 21.4 4 121.0 109 4.11 2.780 18.60 1 1 4 2
> outlist <- ctx$get("mydata", simplifyVector = FALSE)
> outlist[1]
[[1]]
[[1]]$mpg
[1] 21
[[1]]$cyl
[1] 6
[[1]]$disp
[1] 160
[[1]]$hp
[1] 110
[[1]]$drat
[1] 3.9
[[1]]$wt
[1] 2.62
[[1]]$qsec
[1] 16.46
[[1]]$vs
[1] 0
[[1]]$am
[1] 1
[[1]]$gear
[1] 4
[[1]]$carb
[1] 4
[[1]]$`_row`
[1] "Mazda RX4"
>
> # Assign JavaScript
> ctx$assign("foo", JS("function(x){return x*x}"))
> ctx$assign("bar", JS("foo(9)"))
> ctx$get("bar")
[1] 81
>
> # Validate script without evaluating
> ctx$validate("function foo(x){2*x}") #TRUE
[1] TRUE
> ctx$validate("foo = function(x){2*x}") #TRUE
[1] TRUE
> ctx$validate("function(x){2*x}") #FALSE
[1] FALSE
>
> # Use a JavaScript library
> ctx$source("https://cdnjs.cloudflare.com/ajax/libs/underscore.js/1.13.6/underscore-min.js")
Error in open.connection(con, open = mode) :
Failed writing received data to disk/application
Calls: <Anonymous> ... curl_connection -> withCallingHandlers -> open -> open.connection
Execution halted
Flavor: r-devel-linux-x86_64-debian-clang
Version: 4.4.2
Check: re-building of vignette outputs
Result: ERROR
Error(s) in re-building vignettes:
...
--- re-building ‘npm.Rmd’ using rmarkdown
Quitting from lines at lines 43-46 [unnamed-chunk-2] (npm.Rmd)
Error: processing vignette 'npm.Rmd' failed with diagnostics:
Failed writing received data to disk/application
--- failed re-building ‘npm.Rmd’
--- re-building ‘v8_intro.Rmd’ using rmarkdown
Quitting from lines at lines 53-55 [unnamed-chunk-4] (v8_intro.Rmd)
Error: processing vignette 'v8_intro.Rmd' failed with diagnostics:
Failed writing received data to disk/application
--- failed re-building ‘v8_intro.Rmd’
SUMMARY: processing the following files failed:
‘npm.Rmd’ ‘v8_intro.Rmd’
Error: Vignette re-building failed.
Execution halted
Flavors: r-devel-linux-x86_64-debian-clang, r-release-linux-x86_64
Version: 4.4.2
Check: installed package size
Result: NOTE
installed size is 23.9Mb
sub-directories of 1Mb or more:
doc 1.8Mb
libs 21.9Mb
Flavors: r-devel-windows-x86_64, r-release-macos-arm64, r-release-macos-x86_64, r-release-windows-x86_64, r-oldrel-macos-arm64, r-oldrel-macos-x86_64, r-oldrel-windows-x86_64
Version: 4.4.2
Check: examples
Result: ERROR
Running examples in ‘V8-Ex.R’ failed
The error most likely occurred in:
> base::assign(".ptime", proc.time(), pos = "CheckExEnv")
> ### Name: V8
> ### Title: Run JavaScript in a V8 context
> ### Aliases: V8 v8 new_context engine_info
>
> ### ** Examples
>
> # Create a new context
> ctx <- v8();
>
> # Evaluate some code
> ctx$eval("var foo = 123")
> ctx$eval("var bar = 456")
> ctx$eval("foo+bar")
[1] "579"
>
> # Functions and closures
> ctx$eval("JSON.stringify({x:Math.random()})")
[1] "{\"x\":0.883783769137201}"
> ctx$eval("(function(x){return x+1;})(123)")
[1] "124"
>
> # Objects (via JSON only)
> ctx$assign("mydata", mtcars)
> ctx$get("mydata")
mpg cyl disp hp drat wt qsec vs am gear carb
Mazda RX4 21.0 6 160.0 110 3.90 2.620 16.46 0 1 4 4
Mazda RX4 Wag 21.0 6 160.0 110 3.90 2.875 17.02 0 1 4 4
Datsun 710 22.8 4 108.0 93 3.85 2.320 18.61 1 1 4 1
Hornet 4 Drive 21.4 6 258.0 110 3.08 3.215 19.44 1 0 3 1
Hornet Sportabout 18.7 8 360.0 175 3.15 3.440 17.02 0 0 3 2
Valiant 18.1 6 225.0 105 2.76 3.460 20.22 1 0 3 1
Duster 360 14.3 8 360.0 245 3.21 3.570 15.84 0 0 3 4
Merc 240D 24.4 4 146.7 62 3.69 3.190 20.00 1 0 4 2
Merc 230 22.8 4 140.8 95 3.92 3.150 22.90 1 0 4 2
Merc 280 19.2 6 167.6 123 3.92 3.440 18.30 1 0 4 4
Merc 280C 17.8 6 167.6 123 3.92 3.440 18.90 1 0 4 4
Merc 450SE 16.4 8 275.8 180 3.07 4.070 17.40 0 0 3 3
Merc 450SL 17.3 8 275.8 180 3.07 3.730 17.60 0 0 3 3
Merc 450SLC 15.2 8 275.8 180 3.07 3.780 18.00 0 0 3 3
Cadillac Fleetwood 10.4 8 472.0 205 2.93 5.250 17.98 0 0 3 4
Lincoln Continental 10.4 8 460.0 215 3.00 5.424 17.82 0 0 3 4
Chrysler Imperial 14.7 8 440.0 230 3.23 5.345 17.42 0 0 3 4
Fiat 128 32.4 4 78.7 66 4.08 2.200 19.47 1 1 4 1
Honda Civic 30.4 4 75.7 52 4.93 1.615 18.52 1 1 4 2
Toyota Corolla 33.9 4 71.1 65 4.22 1.835 19.90 1 1 4 1
Toyota Corona 21.5 4 120.1 97 3.70 2.465 20.01 1 0 3 1
Dodge Challenger 15.5 8 318.0 150 2.76 3.520 16.87 0 0 3 2
AMC Javelin 15.2 8 304.0 150 3.15 3.435 17.30 0 0 3 2
Camaro Z28 13.3 8 350.0 245 3.73 3.840 15.41 0 0 3 4
Pontiac Firebird 19.2 8 400.0 175 3.08 3.845 17.05 0 0 3 2
Fiat X1-9 27.3 4 79.0 66 4.08 1.935 18.90 1 1 4 1
Porsche 914-2 26.0 4 120.3 91 4.43 2.140 16.70 0 1 5 2
Lotus Europa 30.4 4 95.1 113 3.77 1.513 16.90 1 1 5 2
Ford Pantera L 15.8 8 351.0 264 4.22 3.170 14.50 0 1 5 4
Ferrari Dino 19.7 6 145.0 175 3.62 2.770 15.50 0 1 5 6
Maserati Bora 15.0 8 301.0 335 3.54 3.570 14.60 0 1 5 8
Volvo 142E 21.4 4 121.0 109 4.11 2.780 18.60 1 1 4 2
> outlist <- ctx$get("mydata", simplifyVector = FALSE)
> outlist[1]
[[1]]
[[1]]$mpg
[1] 21
[[1]]$cyl
[1] 6
[[1]]$disp
[1] 160
[[1]]$hp
[1] 110
[[1]]$drat
[1] 3.9
[[1]]$wt
[1] 2.62
[[1]]$qsec
[1] 16.46
[[1]]$vs
[1] 0
[[1]]$am
[1] 1
[[1]]$gear
[1] 4
[[1]]$carb
[1] 4
[[1]]$`_row`
[1] "Mazda RX4"
>
> # Assign JavaScript
> ctx$assign("foo", JS("function(x){return x*x}"))
> ctx$assign("bar", JS("foo(9)"))
> ctx$get("bar")
[1] 81
>
> # Validate script without evaluating
> ctx$validate("function foo(x){2*x}") #TRUE
[1] TRUE
> ctx$validate("foo = function(x){2*x}") #TRUE
[1] TRUE
> ctx$validate("function(x){2*x}") #FALSE
[1] FALSE
>
> # Use a JavaScript library
> ctx$source("https://cdnjs.cloudflare.com/ajax/libs/underscore.js/1.13.6/underscore-min.js")
Error in open.connection(con, open = mode) :
Failed writing received data to disk/application
Calls: <Anonymous> ... curl_connection -> withCallingHandlers -> open -> open.connection
Execution halted
Flavor: r-release-linux-x86_64