Last updated on 2025-11-15 02:53:19 CET.
| Flavor | Version | Tinstall | Tcheck | Ttotal | Status | Flags |
|---|---|---|---|---|---|---|
| r-devel-linux-x86_64-debian-clang | 2.1.3.2 | 205.10 | 148.43 | 353.53 | OK | |
| r-devel-linux-x86_64-debian-gcc | 2.1.3.2 | 128.78 | 98.78 | 227.56 | OK | |
| r-devel-linux-x86_64-fedora-clang | 2.1.3.2 | 259.00 | 420.18 | 679.18 | OK | |
| r-devel-linux-x86_64-fedora-gcc | 2.1.3.2 | 246.00 | 364.31 | 610.31 | OK | |
| r-devel-windows-x86_64 | 2.1.3.2 | 262.00 | 171.00 | 433.00 | OK | |
| r-patched-linux-x86_64 | 2.1.3.2 | 207.37 | 130.02 | 337.39 | OK | |
| r-release-linux-x86_64 | 2.1.3.2 | 206.19 | 129.15 | 335.34 | OK | |
| r-release-macos-arm64 | 2.1.3.2 | 81.00 | 78.00 | 159.00 | OK | |
| r-release-macos-x86_64 | 2.1.3.2 | 72.00 | 147.00 | 219.00 | OK | |
| r-release-windows-x86_64 | 2.1.3.2 | 239.00 | 161.00 | 400.00 | OK | |
| r-oldrel-macos-arm64 | 2.1.3.2 | 78.00 | 80.00 | 158.00 | NOTE | |
| r-oldrel-macos-x86_64 | 2.1.3.2 | 77.00 | 161.00 | 238.00 | NOTE | |
| r-oldrel-windows-x86_64 | 2.1.3.2 | 290.00 | 240.00 | 530.00 | OK |
Version: 2.1.3.2
Check: installed package size
Result: NOTE
installed size is 8.9Mb
sub-directories of 1Mb or more:
libs 7.7Mb
Flavors: r-oldrel-macos-arm64, r-oldrel-macos-x86_64