Last updated on 2025-11-15 03:50:34 CET.
| Flavor | Version | Tinstall | Tcheck | Ttotal | Status | Flags |
|---|---|---|---|---|---|---|
| r-devel-linux-x86_64-debian-clang | 0.2.1 | 16.80 | 48.01 | 64.81 | NOTE | |
| r-devel-linux-x86_64-debian-gcc | 0.2.1 | 13.71 | 34.71 | 48.42 | NOTE | |
| r-devel-linux-x86_64-fedora-clang | 0.2.1 | 28.00 | 76.94 | 104.94 | OK | |
| r-devel-linux-x86_64-fedora-gcc | 0.2.1 | 40.00 | 68.62 | 108.62 | OK | |
| r-devel-windows-x86_64 | 0.2.1 | 25.00 | 80.00 | 105.00 | OK | |
| r-patched-linux-x86_64 | 0.2.1 | 18.69 | 44.98 | 63.67 | OK | |
| r-release-linux-x86_64 | 0.2.1 | 18.32 | 45.70 | 64.02 | OK | |
| r-release-macos-arm64 | 0.2.1 | 8.00 | 21.00 | 29.00 | OK | |
| r-release-macos-x86_64 | 0.2.1 | 11.00 | 46.00 | 57.00 | OK | |
| r-release-windows-x86_64 | 0.2.1 | 20.00 | 81.00 | 101.00 | OK | |
| r-oldrel-macos-arm64 | 0.2.1 | 8.00 | 22.00 | 30.00 | OK | |
| r-oldrel-macos-x86_64 | 0.2.1 | 10.00 | 39.00 | 49.00 | OK | |
| r-oldrel-windows-x86_64 | 0.2.1 | 22.00 | 99.00 | 121.00 | OK |
Version: 0.2.1
Check: CRAN incoming feasibility
Result: NOTE
Maintainer: ‘Javier Leiva Cuadrado <jleivacuadrado@gmail.com>’
No Authors@R field in DESCRIPTION.
Please add one, modifying
Authors@R: person(given = c("Javier", "Leiva"),
family = "Cuadrado",
role = c("aut", "cre"),
email = "jleivacuadrado@gmail.com")
as necessary.
Flavors: r-devel-linux-x86_64-debian-clang, r-devel-linux-x86_64-debian-gcc