Last updated on 2024-05-04 01:49:03 CEST.
Flavor | Version | Tinstall | Tcheck | Ttotal | Status | Flags |
---|---|---|---|---|---|---|
r-devel-linux-x86_64-debian-clang | 2.4.2 | 14.48 | 152.27 | 166.75 | NOTE | |
r-devel-linux-x86_64-fedora-clang | 2.4.2 | 204.63 | NOTE | |||
r-devel-linux-x86_64-fedora-gcc | 2.4.2 | 220.33 | NOTE | |||
r-devel-windows-x86_64 | 2.4.2 | 14.00 | 145.00 | 159.00 | NOTE | |
r-patched-linux-x86_64 | 2.4.2 | 17.79 | 156.12 | 173.91 | NOTE | |
r-release-linux-x86_64 | 2.4.2 | 11.60 | 153.68 | 165.28 | NOTE | |
r-release-macos-arm64 | 2.4.2 | 85.00 | NOTE | |||
r-release-windows-x86_64 | 2.4.2 | 14.00 | 95.00 | 109.00 | ERROR | |
r-oldrel-macos-arm64 | 2.4.2 | 94.00 | OK | |||
r-oldrel-macos-x86_64 | 2.4.2 | 142.00 | OK | |||
r-oldrel-windows-x86_64 | 2.4.2 | 17.00 | 161.00 | 178.00 | OK |
Version: 2.4.2
Check: Rd files
Result: NOTE
checkRd: (-1) get.deriv.smooth.hist.Rd:5: Lost braces; missing escapes or markup?
5 | \title{Gets $n^{th}$ derivative of smoothed histogram}
| ^
Flavors: r-devel-linux-x86_64-debian-clang, r-devel-linux-x86_64-fedora-clang, r-devel-linux-x86_64-fedora-gcc, r-devel-windows-x86_64, r-patched-linux-x86_64, r-release-linux-x86_64, r-release-macos-arm64, r-release-windows-x86_64
Version: 2.4.2
Check: re-building of vignette outputs
Result: ERROR
Error(s) in re-building vignettes:
--- re-building 'Running_WhiteStripe.Rmd' using rmarkdown
Quitting from lines at lines 23-26 [dl_data_run] (Running_WhiteStripe.Rmd)
Error: processing vignette 'Running_WhiteStripe.Rmd' failed with diagnostics:
cannot open URL 'https://raw.githubusercontent.com/muschellij2/WhiteStripe/gh-pages/T1Strip.nii.gz'
--- failed re-building 'Running_WhiteStripe.Rmd'
SUMMARY: processing the following file failed:
'Running_WhiteStripe.Rmd'
Error: Vignette re-building failed.
Execution halted
Flavor: r-release-windows-x86_64