Last updated on 2025-11-15 03:50:35 CET.
| Flavor | Version | Tinstall | Tcheck | Ttotal | Status | Flags |
|---|---|---|---|---|---|---|
| r-devel-linux-x86_64-debian-clang | 0.8 | 5.01 | 33.64 | 38.65 | NOTE | |
| r-devel-linux-x86_64-debian-gcc | 0.8 | 3.75 | 27.09 | 30.84 | NOTE | |
| r-devel-linux-x86_64-fedora-clang | 0.8 | 15.00 | 46.07 | 61.07 | OK | |
| r-devel-linux-x86_64-fedora-gcc | 0.8 | 12.00 | 46.89 | 58.89 | OK | |
| r-devel-windows-x86_64 | 0.8 | 9.00 | 52.00 | 61.00 | OK | |
| r-patched-linux-x86_64 | 0.8 | 5.25 | 32.18 | 37.43 | OK | |
| r-release-linux-x86_64 | 0.8 | 5.12 | 32.40 | 37.52 | OK | |
| r-release-macos-arm64 | 0.8 | 2.00 | 20.00 | 22.00 | OK | |
| r-release-macos-x86_64 | 0.8 | 4.00 | 33.00 | 37.00 | OK | |
| r-release-windows-x86_64 | 0.8 | 7.00 | 59.00 | 66.00 | OK | |
| r-oldrel-macos-arm64 | 0.8 | 3.00 | 19.00 | 22.00 | OK | |
| r-oldrel-macos-x86_64 | 0.8 | 5.00 | 33.00 | 38.00 | OK | |
| r-oldrel-windows-x86_64 | 0.8 | 9.00 | 62.00 | 71.00 | OK |
Version: 0.8
Check: CRAN incoming feasibility
Result: NOTE
Maintainer: ‘John Chambers <jmc@r-project.org>’
No Authors@R field in DESCRIPTION.
Please add one, modifying
Authors@R: c(person(given = c("John", "M."),
family = "Chambers",
role = "aut"),
person(given = "John",
family = "Chambers",
role = "cre",
email = "jmc@r-project.org"))
as necessary.
Flavors: r-devel-linux-x86_64-debian-clang, r-devel-linux-x86_64-debian-gcc