Last updated on 2025-11-16 01:49:08 CET.
| Flavor | Version | Tinstall | Tcheck | Ttotal | Status | Flags |
|---|---|---|---|---|---|---|
| r-devel-linux-x86_64-debian-clang | 1.4.0 | 6.02 | 153.92 | 159.94 | OK | |
| r-devel-linux-x86_64-debian-gcc | 1.4.0 | 4.34 | 122.16 | 126.50 | NOTE | |
| r-devel-linux-x86_64-fedora-clang | 1.4.0 | 13.00 | 233.56 | 246.56 | OK | |
| r-devel-linux-x86_64-fedora-gcc | 1.4.0 | 12.00 | 243.32 | 255.32 | OK | |
| r-devel-windows-x86_64 | 1.4.0 | 13.00 | 402.00 | 415.00 | OK | |
| r-patched-linux-x86_64 | 1.4.0 | 8.98 | 149.44 | 158.42 | OK | |
| r-release-linux-x86_64 | 1.4.0 | 5.89 | 163.96 | 169.85 | OK | |
| r-release-macos-arm64 | 1.4.0 | 3.00 | 161.00 | 164.00 | OK | |
| r-release-macos-x86_64 | 1.4.0 | 7.00 | 350.00 | 357.00 | OK | |
| r-release-windows-x86_64 | 1.4.0 | 8.00 | 410.00 | 418.00 | OK | |
| r-oldrel-macos-arm64 | 1.4.0 | 3.00 | 155.00 | 158.00 | OK | |
| r-oldrel-macos-x86_64 | 1.4.0 | 9.00 | 297.00 | 306.00 | OK | |
| r-oldrel-windows-x86_64 | 1.4.0 | 8.00 | 489.00 | 497.00 | OK |
Version: 1.4.0
Check: CRAN incoming feasibility
Result: NOTE
Maintainer: ‘Anders Granholm <andersgran@gmail.com>’
The BugReports field in DESCRIPTION has
https://github.com/INCEPTdk/adaptr/issues/
which should likely be
https://github.com/INCEPTdk/adaptr/issues/issues
instead.
Flavor: r-devel-linux-x86_64-debian-gcc