Last updated on 2024-05-02 01:56:52 CEST.
Flavor | Version | Tinstall | Tcheck | Ttotal | Status | Flags |
---|---|---|---|---|---|---|
r-devel-linux-x86_64-debian-clang | 1.15 | 12.05 | 81.10 | 93.15 | OK | |
r-devel-linux-x86_64-debian-gcc | 1.15 | 8.78 | 59.27 | 68.05 | OK | |
r-devel-linux-x86_64-fedora-clang | 1.15 | 115.98 | NOTE | |||
r-devel-linux-x86_64-fedora-gcc | 1.15 | 121.19 | NOTE | |||
r-devel-windows-x86_64 | 1.15 | 10.00 | 80.00 | 90.00 | OK | |
r-patched-linux-x86_64 | 1.15 | 10.62 | 74.76 | 85.38 | OK | |
r-release-linux-x86_64 | 1.15 | 9.18 | 77.32 | 86.50 | OK | |
r-release-macos-arm64 | 1.15 | 36.00 | OK | |||
r-release-windows-x86_64 | 1.15 | 11.00 | 81.00 | 92.00 | OK | |
r-oldrel-macos-arm64 | 1.15 | 40.00 | OK | |||
r-oldrel-macos-x86_64 | 1.15 | 62.00 | OK | |||
r-oldrel-windows-x86_64 | 1.15 | 13.00 | 100.00 | 113.00 | OK |
Version: 1.15
Check: compiled code
Result: NOTE
File ‘ahaz/libs/ahaz.so’:
Found no calls to: ‘R_registerRoutines’, ‘R_useDynamicSymbols’
It is good practice to register native routines and to disable symbol
search.
See ‘Writing portable packages’ in the ‘Writing R Extensions’ manual.
Flavors: r-devel-linux-x86_64-fedora-clang, r-devel-linux-x86_64-fedora-gcc