Last updated on 2025-11-15 02:52:53 CET.
| Flavor | Version | Tinstall | Tcheck | Ttotal | Status | Flags |
|---|---|---|---|---|---|---|
| r-devel-linux-x86_64-debian-clang | 1.0.1 | 6.89 | 119.02 | 125.91 | OK | |
| r-devel-linux-x86_64-debian-gcc | 1.0.1 | 5.30 | 81.99 | 87.29 | OK | |
| r-devel-linux-x86_64-fedora-clang | 1.0.1 | 17.00 | 177.83 | 194.83 | OK | |
| r-devel-linux-x86_64-fedora-gcc | 1.0.1 | 15.00 | 185.50 | 200.50 | OK | |
| r-devel-windows-x86_64 | 1.0.1 | 12.00 | 115.00 | 127.00 | OK | |
| r-patched-linux-x86_64 | 1.0.1 | 7.73 | 111.27 | 119.00 | OK | |
| r-release-linux-x86_64 | 1.0.1 | 6.58 | 112.92 | 119.50 | OK | |
| r-release-macos-arm64 | 1.0.1 | 3.00 | 49.00 | 52.00 | OK | |
| r-release-macos-x86_64 | 1.0.1 | 5.00 | 81.00 | 86.00 | OK | |
| r-release-windows-x86_64 | 1.0.1 | 9.00 | 116.00 | 125.00 | OK | |
| r-oldrel-macos-arm64 | 1.0.1 | 3.00 | 41.00 | 44.00 | NOTE | |
| r-oldrel-macos-x86_64 | 1.0.1 | 4.00 | 64.00 | 68.00 | NOTE | |
| r-oldrel-windows-x86_64 | 1.0.1 | 12.00 | 151.00 | 163.00 | NOTE |
Version: 1.0.1
Check: LazyData
Result: NOTE
'LazyData' is specified without a 'data' directory
Flavors: r-oldrel-macos-arm64, r-oldrel-macos-x86_64, r-oldrel-windows-x86_64