Last updated on 2025-11-16 01:49:08 CET.
| Flavor | Version | Tinstall | Tcheck | Ttotal | Status | Flags |
|---|---|---|---|---|---|---|
| r-devel-linux-x86_64-debian-clang | 0.3.2 | 26.38 | 41.15 | 67.53 | NOTE | |
| r-devel-linux-x86_64-debian-gcc | 0.3.2 | 18.35 | 32.32 | 50.67 | OK | |
| r-devel-linux-x86_64-fedora-clang | 0.3.2 | 169.00 | -41.28 | 127.72 | OK | |
| r-devel-linux-x86_64-fedora-gcc | 0.3.2 | 99.00 | 33.29 | 132.29 | OK | |
| r-devel-windows-x86_64 | 0.3.2 | 84.00 | 100.00 | 184.00 | NOTE | |
| r-patched-linux-x86_64 | 0.3.2 | 24.51 | 38.71 | 63.22 | OK | |
| r-release-linux-x86_64 | 0.3.2 | 24.96 | 39.06 | 64.02 | OK | |
| r-release-macos-arm64 | 0.3.2 | 18.00 | 34.00 | 52.00 | OK | |
| r-release-macos-x86_64 | 0.3.2 | 22.00 | 58.00 | 80.00 | OK | |
| r-release-windows-x86_64 | 0.3.2 | 60.00 | 103.00 | 163.00 | NOTE | |
| r-oldrel-macos-arm64 | 0.3.2 | 16.00 | 64.00 | 80.00 | NOTE | |
| r-oldrel-macos-x86_64 | 0.3.2 | 23.00 | 126.00 | 149.00 | NOTE | |
| r-oldrel-windows-x86_64 | 0.3.2 | 33.00 | 130.00 | 163.00 | OK |
Version: 0.3.2
Check: Rd files
Result: NOTE
checkRd: (-1) sim_patterns.Rd:15-21: Only 3 columns allowed in this table (row 1 has 2)
checkRd: (-1) sim_patterns.Rd:15-21: Only 3 columns allowed in this table (row 2 has 2)
checkRd: (-1) sim_patterns.Rd:15-21: Only 3 columns allowed in this table (row 3 has 2)
checkRd: (-1) sim_patterns.Rd:15-21: Only 3 columns allowed in this table (row 4 has 2)
checkRd: (-1) sim_patterns.Rd:15-21: Only 3 columns allowed in this table (row 5 has 2)
Flavors: r-devel-linux-x86_64-debian-clang, r-devel-windows-x86_64
Version: 0.3.2
Check: compiled code
Result: NOTE
File 'apcf/libs/x64/apcf.dll':
Found '_ZSt4cerr', possibly from 'std::cerr' (C++)
Objects: '../windows/geos-3.10.2/lib-4.9.3/x64/libgeos.a',
'../windows/geos-3.10.2/lib-8.3.0/x64/libgeos.a',
'../windows/geos-3.10.2/lib/x64/libgeos.a'
Compiled code should not call entry points which might terminate R nor
write to stdout/stderr instead of to the console, nor use Fortran I/O
nor system RNGs nor [v]sprintf.
See 'Writing portable packages' in the 'Writing R Extensions' manual.
Flavors: r-devel-windows-x86_64, r-release-windows-x86_64
Version: 0.3.2
Check: installed package size
Result: NOTE
installed size is 5.7Mb
sub-directories of 1Mb or more:
libs 5.2Mb
Flavors: r-oldrel-macos-arm64, r-oldrel-macos-x86_64