CRAN Package Check Results for Package atpolR

Last updated on 2025-11-21 02:50:15 CET.

Flavor Version Tinstall Tcheck Ttotal Status Flags
r-devel-linux-x86_64-debian-clang 0.1.1 24.79 328.98 353.77 NOTE
r-devel-linux-x86_64-debian-gcc 0.1.1 17.27 217.50 234.77 NOTE
r-devel-linux-x86_64-fedora-clang 0.1.1 55.00 517.58 572.58 NOTE
r-devel-linux-x86_64-fedora-gcc 0.1.1 52.00 506.65 558.65 NOTE
r-devel-windows-x86_64 0.1.1 25.00 264.00 289.00 NOTE
r-patched-linux-x86_64 0.1.1 23.31 314.06 337.37 NOTE
r-release-linux-x86_64 0.1.1 23.21 313.65 336.86 NOTE
r-release-macos-arm64 0.1.1 NOTE
r-release-macos-x86_64 0.1.1 22.00 367.00 389.00 NOTE
r-release-windows-x86_64 0.1.1 21.00 255.00 276.00 NOTE
r-oldrel-macos-arm64 0.1.1 OK
r-oldrel-macos-x86_64 0.1.1 20.00 267.00 287.00 OK
r-oldrel-windows-x86_64 0.1.1 32.00 359.00 391.00 OK

Check Details

Version: 0.1.1
Check: DESCRIPTION meta-information
Result: NOTE Missing dependency on R >= 4.1.0 because package code uses the pipe |> or function shorthand \(...) syntax added in R 4.1.0. File(s) using such syntax: ‘atpol_grids.R’ ‘miscRscript.r’ ‘plot_points_on_atpol.R’ Flavors: r-devel-linux-x86_64-debian-clang, r-devel-linux-x86_64-debian-gcc, r-devel-linux-x86_64-fedora-clang, r-devel-linux-x86_64-fedora-gcc, r-devel-windows-x86_64, r-patched-linux-x86_64, r-release-linux-x86_64, r-release-macos-arm64, r-release-macos-x86_64, r-release-windows-x86_64