Last updated on 2025-04-30 02:50:34 CEST.
Flavor | Version | Tinstall | Tcheck | Ttotal | Status | Flags |
---|---|---|---|---|---|---|
r-devel-linux-x86_64-debian-clang | 0.4-4 | 11.63 | 62.77 | 74.40 | NOTE | |
r-devel-linux-x86_64-debian-gcc | 0.4-4 | 7.95 | 42.75 | 50.70 | NOTE | |
r-devel-linux-x86_64-fedora-clang | 0.4-4 | 117.51 | OK | |||
r-devel-linux-x86_64-fedora-gcc | 0.4-4 | 109.17 | OK | |||
r-devel-windows-x86_64 | 0.4-4 | 11.00 | 81.00 | 92.00 | OK | |
r-patched-linux-x86_64 | 0.4-4 | 12.50 | 60.07 | 72.57 | OK | |
r-release-linux-x86_64 | 0.4-4 | 9.79 | 59.44 | 69.23 | OK | |
r-release-macos-arm64 | 0.4-4 | 31.00 | OK | |||
r-release-macos-x86_64 | 0.4-4 | 68.00 | OK | |||
r-release-windows-x86_64 | 0.4-4 | 12.00 | 78.00 | 90.00 | OK | |
r-oldrel-macos-arm64 | 0.4-4 | 29.00 | OK | |||
r-oldrel-macos-x86_64 | 0.4-4 | 46.00 | OK | |||
r-oldrel-windows-x86_64 | 0.4-4 | 14.00 | 89.00 | 103.00 | OK |
Version: 0.4-4
Check: CRAN incoming feasibility
Result: NOTE
Maintainer: ‘Christian Graul <christian.graul@gmail.com>’
No Authors@R field in DESCRIPTION.
Please add one, modifying
Authors@R: c(person(given = "Christian",
family = "Graul",
role = c("aut", "cre"),
email = "christian.graul@gmail.com"),
person(given = "Carsten",
family = "Poppinga",
role = "aut"))
as necessary.
Flavors: r-devel-linux-x86_64-debian-clang, r-devel-linux-x86_64-debian-gcc