Last updated on 2025-10-01 02:54:10 CEST.
Flavor | Version | Tinstall | Tcheck | Ttotal | Status | Flags |
---|---|---|---|---|---|---|
r-devel-linux-x86_64-debian-clang | 1.0.0 | 5.19 | 41.84 | 47.03 | NOTE | |
r-devel-linux-x86_64-debian-gcc | 1.0.0 | 3.91 | 32.41 | 36.32 | NOTE | |
r-devel-linux-x86_64-fedora-clang | 1.0.0 | 70.73 | OK | |||
r-devel-linux-x86_64-fedora-gcc | 1.0.0 | 67.99 | OK | |||
r-devel-windows-x86_64 | 1.0.0 | 8.00 | 68.00 | 76.00 | OK | |
r-patched-linux-x86_64 | 1.0.0 | 5.31 | 38.60 | 43.91 | OK | |
r-release-linux-x86_64 | 1.0.0 | 4.86 | 39.09 | 43.95 | OK | |
r-release-macos-arm64 | 1.0.0 | 38.00 | OK | |||
r-release-macos-x86_64 | 1.0.0 | 51.00 | OK | |||
r-release-windows-x86_64 | 1.0.0 | 6.00 | 70.00 | 76.00 | OK | |
r-oldrel-macos-arm64 | 1.0.0 | 34.00 | OK | |||
r-oldrel-macos-x86_64 | 1.0.0 | 42.00 | OK | |||
r-oldrel-windows-x86_64 | 1.0.0 | 8.00 | 80.00 | 88.00 | OK |
Version: 1.0.0
Check: CRAN incoming feasibility
Result: NOTE
Maintainer: ‘Rafael Santos <rafael.jpsantos@outlook.com>’
The Description field contains
<arXiv:2001.00636>.
Please refer to arXiv e-prints via their arXiv DOI <doi:10.48550/arXiv.YYMM.NNNNN>.
Flavors: r-devel-linux-x86_64-debian-clang, r-devel-linux-x86_64-debian-gcc