Last updated on 2025-11-15 03:50:03 CET.
| Flavor | Version | Tinstall | Tcheck | Ttotal | Status | Flags |
|---|---|---|---|---|---|---|
| r-devel-linux-x86_64-debian-clang | 1.0.7 | 31.95 | 25.09 | 57.04 | OK | |
| r-devel-linux-x86_64-debian-gcc | 1.0.7 | 27.26 | 20.66 | 47.92 | OK | |
| r-devel-linux-x86_64-fedora-clang | 1.0.7 | 149.00 | -39.32 | 109.68 | OK | |
| r-devel-linux-x86_64-fedora-gcc | 1.0.7 | 96.00 | 12.72 | 108.72 | OK | |
| r-devel-windows-x86_64 | 1.0.7 | 40.00 | 56.00 | 96.00 | OK | |
| r-patched-linux-x86_64 | 1.0.7 | 39.02 | 22.69 | 61.71 | OK | |
| r-release-linux-x86_64 | 1.0.7 | 37.68 | 22.69 | 60.37 | OK | |
| r-release-macos-arm64 | 1.0.7 | 16.00 | 20.00 | 36.00 | OK | |
| r-release-macos-x86_64 | 1.0.7 | 28.00 | 26.00 | 54.00 | OK | |
| r-release-windows-x86_64 | 1.0.7 | 40.00 | 62.00 | 102.00 | OK | |
| r-oldrel-macos-arm64 | 1.0.7 | 15.00 | 20.00 | 35.00 | NOTE | |
| r-oldrel-macos-x86_64 | 1.0.7 | 21.00 | 19.00 | 40.00 | NOTE | |
| r-oldrel-windows-x86_64 | 1.0.7 | 37.00 | 73.00 | 110.00 | OK |
Version: 1.0.7
Check: installed package size
Result: NOTE
installed size is 6.6Mb
sub-directories of 1Mb or more:
libs 6.5Mb
Flavors: r-oldrel-macos-arm64, r-oldrel-macos-x86_64