Last updated on 2025-11-11 02:50:36 CET.
| Flavor | Version | Tinstall | Tcheck | Ttotal | Status | Flags |
|---|---|---|---|---|---|---|
| r-devel-linux-x86_64-debian-clang | 1.4.11.27 | 3.89 | 38.70 | 42.59 | NOTE | |
| r-devel-linux-x86_64-debian-gcc | 1.4.11.27 | 3.04 | 29.18 | 32.22 | NOTE | |
| r-devel-linux-x86_64-fedora-clang | 1.4.11.27 | 19.00 | 51.01 | 70.01 | NOTE | |
| r-devel-linux-x86_64-fedora-gcc | 1.4.11.27 | 62.74 | NOTE | |||
| r-devel-windows-x86_64 | 1.4.11.27 | 7.00 | 55.00 | 62.00 | NOTE | |
| r-patched-linux-x86_64 | 1.4.11.27 | 4.21 | 36.81 | 41.02 | OK | |
| r-release-linux-x86_64 | 1.4.11.27 | 4.04 | 36.76 | 40.80 | OK | |
| r-release-macos-arm64 | 1.4.11.27 | 2.00 | 26.00 | 28.00 | OK | |
| r-release-macos-x86_64 | 1.4.11.27 | 4.00 | 35.00 | 39.00 | OK | |
| r-release-windows-x86_64 | 1.4.11.27 | 6.00 | 53.00 | 59.00 | OK | |
| r-oldrel-macos-arm64 | 1.4.11.27 | 3.00 | 26.00 | 29.00 | OK | |
| r-oldrel-macos-x86_64 | 1.4.11.27 | 4.00 | 40.00 | 44.00 | OK | |
| r-oldrel-windows-x86_64 | 1.4.11.27 | 8.00 | 68.00 | 76.00 | OK |
Version: 1.4.11.27
Check: Rd files
Result: NOTE
checkRd: (-1) rallies.Rd:9-23: Only 2 columns allowed in this table (row 1 has 1)
Flavors: r-devel-linux-x86_64-debian-clang, r-devel-linux-x86_64-debian-gcc, r-devel-linux-x86_64-fedora-clang, r-devel-linux-x86_64-fedora-gcc, r-devel-windows-x86_64