CRAN Package Check Results for Package brunnermunzel

Last updated on 2025-11-16 01:49:10 CET.

Flavor Version Tinstall Tcheck Ttotal Status Flags
r-devel-linux-x86_64-debian-clang 2.0 4.47 29.60 34.07 OK
r-devel-linux-x86_64-debian-gcc 2.0 2.98 24.35 27.33 NOTE
r-devel-linux-x86_64-fedora-clang 2.0 56.50 OK
r-devel-linux-x86_64-fedora-gcc 2.0 61.96 OK
r-devel-windows-x86_64 2.0 9.00 50.00 59.00 OK
r-patched-linux-x86_64 2.0 3.08 29.77 32.85 OK
r-release-linux-x86_64 2.0 3.36 28.63 31.99 OK
r-release-macos-arm64 2.0 3.00 25.00 28.00 OK
r-release-macos-x86_64 2.0 4.00 46.00 50.00 OK
r-release-windows-x86_64 2.0 8.00 50.00 58.00 OK
r-oldrel-macos-arm64 2.0 4.00 32.00 36.00 OK
r-oldrel-macos-x86_64 2.0 3.00 37.00 40.00 OK
r-oldrel-windows-x86_64 2.0 9.00 60.00 69.00 OK

Check Details

Version: 2.0
Check: CRAN incoming feasibility
Result: NOTE Maintainer: ‘Toshiaki Ara <toshiaki.ara@gmail.com>’ The BugReports field in DESCRIPTION has https://github.com/toshi-ara/brunnermunzel/issues/ which should likely be https://github.com/toshi-ara/brunnermunzel/issues/issues instead. Flavor: r-devel-linux-x86_64-debian-gcc