Last updated on 2024-05-02 01:56:53 CEST.
Flavor | Version | Tinstall | Tcheck | Ttotal | Status | Flags |
---|---|---|---|---|---|---|
r-devel-linux-x86_64-debian-clang | 1.1.3 | 13.11 | 104.22 | 117.33 | OK | |
r-devel-linux-x86_64-debian-gcc | 1.1.3 | 10.87 | 75.56 | 86.43 | OK | |
r-devel-linux-x86_64-fedora-clang | 1.1.3 | 149.19 | NOTE | |||
r-devel-linux-x86_64-fedora-gcc | 1.1.3 | 138.15 | NOTE | |||
r-devel-windows-x86_64 | 1.1.3 | 14.00 | 86.00 | 100.00 | OK | |
r-patched-linux-x86_64 | 1.1.3 | 12.17 | 100.56 | 112.73 | OK | |
r-release-linux-x86_64 | 1.1.3 | 12.14 | 97.28 | 109.42 | OK | |
r-release-macos-arm64 | 1.1.3 | 50.00 | OK | |||
r-release-windows-x86_64 | 1.1.3 | 12.00 | 89.00 | 101.00 | OK | |
r-oldrel-macos-arm64 | 1.1.3 | 44.00 | OK | |||
r-oldrel-macos-x86_64 | 1.1.3 | 72.00 | OK | |||
r-oldrel-windows-x86_64 | 1.1.3 | 15.00 | 105.00 | 120.00 | OK |
Version: 1.1.3
Check: dependencies in R code
Result: NOTE
Namespaces in Imports field not imported from:
‘rworldxtra’ ‘sp’
All declared Imports should be used.
Flavors: r-devel-linux-x86_64-fedora-clang, r-devel-linux-x86_64-fedora-gcc