Last updated on 2025-11-16 01:49:10 CET.
| Flavor | Version | Tinstall | Tcheck | Ttotal | Status | Flags |
|---|---|---|---|---|---|---|
| r-devel-linux-x86_64-debian-clang | 0.2.0 | 8.41 | 68.21 | 76.62 | OK | |
| r-devel-linux-x86_64-debian-gcc | 0.2.0 | 4.79 | 48.22 | 53.01 | NOTE | |
| r-devel-linux-x86_64-fedora-clang | 0.2.0 | 21.00 | 94.96 | 115.96 | OK | |
| r-devel-linux-x86_64-fedora-gcc | 0.2.0 | 20.00 | 106.43 | 126.43 | OK | |
| r-devel-windows-x86_64 | 0.2.0 | 13.00 | 78.00 | 91.00 | OK | |
| r-patched-linux-x86_64 | 0.2.0 | 8.94 | 62.38 | 71.32 | OK | |
| r-release-linux-x86_64 | 0.2.0 | 8.78 | 62.49 | 71.27 | OK | |
| r-release-macos-arm64 | 0.2.0 | 7.00 | 87.00 | 94.00 | OK | |
| r-release-macos-x86_64 | 0.2.0 | 14.00 | 114.00 | 128.00 | OK | |
| r-release-windows-x86_64 | 0.2.0 | 13.00 | 77.00 | 90.00 | OK | |
| r-oldrel-macos-arm64 | 0.2.0 | 4.00 | 41.00 | 45.00 | OK | |
| r-oldrel-macos-x86_64 | 0.2.0 | 12.00 | 95.00 | 107.00 | OK | |
| r-oldrel-windows-x86_64 | 0.2.0 | 15.00 | 99.00 | 114.00 | OK |
Version: 0.2.0
Check: CRAN incoming feasibility
Result: NOTE
Maintainer: ‘Øystein Olav Skaar <oeysan@gmail.com>’
The BugReports field in DESCRIPTION has
https://github.com/oeysan/c2z/issues/
which should likely be
https://github.com/oeysan/c2z/issues/issues
instead.
Flavor: r-devel-linux-x86_64-debian-gcc