Last updated on 2024-05-13 01:52:07 CEST.
Flavor | Version | Tinstall | Tcheck | Ttotal | Status | Flags |
---|---|---|---|---|---|---|
r-devel-linux-x86_64-debian-clang | 0.71.1 | 7.44 | 50.33 | 57.77 | NOTE | |
r-devel-linux-x86_64-debian-gcc | 0.71.1 | 4.46 | 35.67 | 40.13 | NOTE | |
r-devel-linux-x86_64-fedora-clang | 0.71.1 | 70.14 | NOTE | |||
r-devel-linux-x86_64-fedora-gcc | 0.71.1 | 70.51 | NOTE | |||
r-devel-windows-x86_64 | 0.71.1 | 6.00 | 61.00 | 67.00 | NOTE | |
r-patched-linux-x86_64 | 0.71.1 | 7.84 | 45.89 | 53.73 | NOTE | |
r-release-linux-x86_64 | 0.71.1 | 5.56 | 45.91 | 51.47 | NOTE | |
r-release-macos-arm64 | 0.71.1 | 23.00 | NOTE | |||
r-release-windows-x86_64 | 0.71.1 | 7.00 | 61.00 | 68.00 | NOTE | |
r-oldrel-macos-arm64 | 0.71.1 | 23.00 | OK | |||
r-oldrel-macos-x86_64 | 0.71.1 | 37.00 | OK | |||
r-oldrel-windows-x86_64 | 0.71.1 | 7.00 | 66.00 | 73.00 | OK |
Version: 0.71.1
Check: Rd files
Result: NOTE
checkRd: (-1) plot.ca.rd:53: Lost braces in \itemize; meant \describe ?
checkRd: (-1) plot.ca.rd:56: Lost braces in \itemize; meant \describe ?
checkRd: (-1) plot.ca.rd:59: Lost braces in \itemize; meant \describe ?
checkRd: (-1) plot.ca.rd:62: Lost braces in \itemize; meant \describe ?
checkRd: (-1) plot.mjca.rd:57: Lost braces in \itemize; meant \describe ?
checkRd: (-1) plot.mjca.rd:60: Lost braces in \itemize; meant \describe ?
checkRd: (-1) plot.mjca.rd:63: Lost braces in \itemize; meant \describe ?
checkRd: (-1) plot.mjca.rd:66: Lost braces in \itemize; meant \describe ?
Flavors: r-devel-linux-x86_64-debian-clang, r-devel-linux-x86_64-debian-gcc, r-devel-linux-x86_64-fedora-clang, r-devel-linux-x86_64-fedora-gcc, r-devel-windows-x86_64, r-patched-linux-x86_64, r-release-linux-x86_64, r-release-macos-arm64, r-release-windows-x86_64