Last updated on 2025-11-16 01:49:10 CET.
| Flavor | Version | Tinstall | Tcheck | Ttotal | Status | Flags |
|---|---|---|---|---|---|---|
| r-devel-linux-x86_64-debian-clang | 3.1.5 | 15.08 | 145.87 | 160.95 | OK | |
| r-devel-linux-x86_64-debian-gcc | 3.1.5 | 9.93 | 105.83 | 115.76 | NOTE | |
| r-devel-linux-x86_64-fedora-clang | 3.1.5 | 37.00 | 211.99 | 248.99 | OK | |
| r-devel-linux-x86_64-fedora-gcc | 3.1.5 | 36.00 | 223.61 | 259.61 | OK | |
| r-devel-windows-x86_64 | 3.1.5 | 23.00 | 174.00 | 197.00 | OK | |
| r-patched-linux-x86_64 | 3.1.5 | 16.32 | 138.65 | 154.97 | OK | |
| r-release-linux-x86_64 | 3.1.5 | 15.43 | 141.25 | 156.68 | OK | |
| r-release-macos-arm64 | 3.1.5 | 8.00 | 73.00 | 81.00 | OK | |
| r-release-macos-x86_64 | 3.1.5 | 22.00 | 188.00 | 210.00 | OK | |
| r-release-windows-x86_64 | 3.1.5 | 21.00 | 170.00 | 191.00 | OK | |
| r-oldrel-macos-arm64 | 3.1.5 | 8.00 | 77.00 | 85.00 | OK | |
| r-oldrel-macos-x86_64 | 3.1.5 | 20.00 | 160.00 | 180.00 | OK | |
| r-oldrel-windows-x86_64 | 3.1.5 | 25.00 | 223.00 | 248.00 | OK |
Version: 3.1.5
Check: CRAN incoming feasibility
Result: NOTE
Maintainer: ‘Timothée Giraud <timothee.giraud@cnrs.fr>’
The BugReports field in DESCRIPTION has
https://github.com/riatelab/cartography/issues/
which should likely be
https://github.com/riatelab/cartography/issues/issues
instead.
Flavor: r-devel-linux-x86_64-debian-gcc