Last updated on 2025-10-31 01:48:53 CET.
| Flavor | Version | Tinstall | Tcheck | Ttotal | Status | Flags | 
|---|---|---|---|---|---|---|
| r-devel-linux-x86_64-debian-clang | 1.2.1 | 11.37 | 24.26 | 35.63 | NOTE | |
| r-devel-linux-x86_64-debian-gcc | 1.2.1 | 7.66 | 20.04 | 27.70 | NOTE | |
| r-devel-linux-x86_64-fedora-clang | 1.2.1 | 26.00 | 31.74 | 57.74 | NOTE | |
| r-devel-linux-x86_64-fedora-gcc | 1.2.1 | 25.00 | 28.38 | 53.38 | NOTE | |
| r-devel-windows-x86_64 | 1.2.1 | 13.00 | 58.00 | 71.00 | NOTE | |
| r-patched-linux-x86_64 | 1.2.1 | 10.37 | 22.87 | 33.24 | NOTE | |
| r-release-linux-x86_64 | 1.2.1 | 10.78 | 23.11 | 33.89 | NOTE | |
| r-release-macos-arm64 | 1.2.1 | 5.00 | 17.00 | 22.00 | NOTE | |
| r-release-macos-x86_64 | 1.2.1 | 9.00 | 25.00 | 34.00 | NOTE | |
| r-release-windows-x86_64 | 1.2.1 | 15.00 | 62.00 | 77.00 | NOTE | |
| r-oldrel-macos-arm64 | 1.2.1 | 5.00 | 22.00 | 27.00 | NOTE | |
| r-oldrel-macos-x86_64 | 1.2.1 | 7.00 | 28.00 | 35.00 | NOTE | |
| r-oldrel-windows-x86_64 | 1.2.1 | 15.00 | 73.00 | 88.00 | NOTE | 
Version: 1.2.1
Check: CRAN incoming feasibility
Result: NOTE
  Maintainer: ‘Yu-chia Chang <curare7177@gmail.com>’
  
  No Authors@R field in DESCRIPTION.
  Please add one, modifying
    Authors@R: c(person(given = c("Yuan-chin", "I."),
                        family = "Chang",
                        role = "aut"),
                 person(given = "Yu-chia",
                        family = "Chang",
                        role = c("aut", "cre"),
                        email = "curare7177@gmail.com"),
                 person(given = "Ling-wan",
                        family = "Chen",
                        role = "aut"))
  as necessary.
Flavors: r-devel-linux-x86_64-debian-clang, r-devel-linux-x86_64-debian-gcc
Version: 1.2.1
Check: DESCRIPTION meta-information
Result: NOTE
  Malformed Title field: should not end in a period.
Flavors: r-devel-linux-x86_64-debian-clang, r-devel-linux-x86_64-debian-gcc, r-devel-linux-x86_64-fedora-clang, r-devel-linux-x86_64-fedora-gcc, r-devel-windows-x86_64, r-patched-linux-x86_64, r-release-linux-x86_64, r-release-macos-arm64, r-release-macos-x86_64, r-release-windows-x86_64, r-oldrel-macos-arm64, r-oldrel-macos-x86_64, r-oldrel-windows-x86_64
Version: 1.2.1
Check: compiled code
Result: NOTE
  File ‘cgAUC/libs/cgAUC.so’:
    Found no calls to: ‘R_registerRoutines’, ‘R_useDynamicSymbols’
  
  It is good practice to register native routines and to disable symbol
  search.
  
  See ‘Writing portable packages’ in the ‘Writing R Extensions’ manual.
Flavors: r-devel-linux-x86_64-fedora-clang, r-devel-linux-x86_64-fedora-gcc