Last updated on 2025-11-15 03:50:04 CET.
| Flavor | Version | Tinstall | Tcheck | Ttotal | Status | Flags |
|---|---|---|---|---|---|---|
| r-devel-linux-x86_64-debian-clang | 0.1.0 | 2.37 | 26.86 | 29.23 | NOTE | |
| r-devel-linux-x86_64-debian-gcc | 0.1.0 | 2.04 | 22.92 | 24.96 | NOTE | |
| r-devel-linux-x86_64-fedora-clang | 0.1.0 | 41.30 | OK | |||
| r-devel-linux-x86_64-fedora-gcc | 0.1.0 | 39.13 | OK | |||
| r-devel-windows-x86_64 | 0.1.0 | 27.00 | 49.00 | 76.00 | OK | |
| r-patched-linux-x86_64 | 0.1.0 | 2.47 | 24.74 | 27.21 | OK | |
| r-release-linux-x86_64 | 0.1.0 | 2.15 | 24.77 | 26.92 | OK | |
| r-release-macos-arm64 | 0.1.0 | 2.00 | 29.00 | 31.00 | OK | |
| r-release-macos-x86_64 | 0.1.0 | 5.00 | 52.00 | 57.00 | OK | |
| r-release-windows-x86_64 | 0.1.0 | 20.00 | 45.00 | 65.00 | OK | |
| r-oldrel-macos-x86_64 | 0.1.0 | 3.00 | 46.00 | 49.00 | NOTE | |
| r-oldrel-windows-x86_64 | 0.1.0 | 26.00 | 46.00 | 72.00 | NOTE |
Version: 0.1.0
Check: CRAN incoming feasibility
Result: NOTE
Maintainer: ‘Ahmadou Dicko <mail@ahmadoudicko.com>’
No Authors@R field in DESCRIPTION.
Please add one, modifying
Authors@R: c(person(given = "file",
family = "inst/AUTHORS",
role = "aut"),
person(given = "Ahmadou",
family = "Dicko",
role = "cre",
email = "mail@ahmadoudicko.com"))
as necessary.
Flavors: r-devel-linux-x86_64-debian-clang, r-devel-linux-x86_64-debian-gcc
Version: 0.1.0
Check: installed package size
Result: NOTE
installed size is 37.9Mb
sub-directories of 1Mb or more:
include 37.8Mb
Flavors: r-oldrel-macos-x86_64, r-oldrel-windows-x86_64