Last updated on 2024-05-21 02:01:57 CEST.
Flavor | Version | Tinstall | Tcheck | Ttotal | Status | Flags |
---|---|---|---|---|---|---|
r-devel-linux-x86_64-debian-clang | 0.1.0 | 12.14 | 108.01 | 120.15 | NOTE | |
r-devel-linux-x86_64-debian-gcc | 0.1.0 | 8.38 | 78.87 | 87.25 | NOTE | |
r-devel-linux-x86_64-fedora-clang | 0.1.0 | 149.04 | NOTE | |||
r-devel-linux-x86_64-fedora-gcc | 0.1.0 | 138.83 | NOTE | |||
r-devel-windows-x86_64 | 0.1.0 | 12.00 | 176.00 | 188.00 | NOTE | |
r-patched-linux-x86_64 | 0.1.0 | 21.50 | 103.40 | 124.90 | NOTE | |
r-release-linux-x86_64 | 0.1.0 | 11.19 | 101.72 | 112.91 | NOTE | |
r-release-macos-arm64 | 0.1.0 | 41.00 | NOTE | |||
r-release-windows-x86_64 | 0.1.0 | 12.00 | 178.00 | 190.00 | NOTE | |
r-oldrel-macos-arm64 | 0.1.0 | 43.00 | NOTE | |||
r-oldrel-macos-x86_64 | 0.1.0 | 78.00 | NOTE | |||
r-oldrel-windows-x86_64 | 0.1.0 | 11.00 | 201.00 | 212.00 | NOTE |
Version: 0.1.0
Check: LazyData
Result: NOTE
'LazyData' is specified without a 'data' directory
Flavors: r-devel-linux-x86_64-debian-clang, r-devel-linux-x86_64-debian-gcc, r-devel-linux-x86_64-fedora-clang, r-devel-linux-x86_64-fedora-gcc, r-devel-windows-x86_64, r-patched-linux-x86_64, r-release-linux-x86_64, r-release-macos-arm64, r-release-windows-x86_64, r-oldrel-macos-arm64, r-oldrel-macos-x86_64, r-oldrel-windows-x86_64