Last updated on 2025-10-31 01:48:53 CET.
| Flavor | Version | Tinstall | Tcheck | Ttotal | Status | Flags | 
|---|---|---|---|---|---|---|
| r-devel-linux-x86_64-debian-clang | 0.0.2 | 46.54 | 151.58 | 198.12 | OK | |
| r-devel-linux-x86_64-debian-gcc | 0.0.2 | 39.01 | 116.15 | 155.16 | OK | |
| r-devel-linux-x86_64-fedora-clang | 0.0.2 | 137.00 | 219.79 | 356.79 | OK | |
| r-devel-linux-x86_64-fedora-gcc | 0.0.2 | 90.00 | 246.35 | 336.35 | OK | |
| r-devel-windows-x86_64 | 0.0.2 | 58.00 | 126.00 | 184.00 | OK | |
| r-patched-linux-x86_64 | 0.0.2 | 46.65 | 148.38 | 195.03 | OK | |
| r-release-linux-x86_64 | 0.0.2 | 44.79 | 147.85 | 192.64 | OK | |
| r-release-macos-arm64 | 0.0.2 | 20.00 | 39.00 | 59.00 | OK | |
| r-release-macos-x86_64 | 0.0.2 | 23.00 | 61.00 | 84.00 | OK | |
| r-release-windows-x86_64 | 0.0.2 | 63.00 | 151.00 | 214.00 | WARN | |
| r-oldrel-macos-arm64 | 0.0.2 | 14.00 | 39.00 | 53.00 | NOTE | |
| r-oldrel-macos-x86_64 | 0.0.2 | 44.00 | 80.00 | 124.00 | NOTE | |
| r-oldrel-windows-x86_64 | 0.0.2 | 66.00 | 221.00 | 287.00 | OK | 
Version: 0.0.2
Check: whether package can be installed
Result: WARN
  Found the following significant warnings:
    Warning: Torch libraries are installed but loading them caused a segfault.
  See 'd:/Rcompile/CRANpkg/local/4.5/circlus.Rcheck/00install.out' for details.
  * used C++ compiler: 'g++.exe (GCC) 14.2.0'
Flavor: r-release-windows-x86_64
Version: 0.0.2
Check: installed package size
Result: NOTE
    installed size is  5.8Mb
    sub-directories of 1Mb or more:
      data   2.8Mb
      libs   2.8Mb
Flavors: r-oldrel-macos-arm64, r-oldrel-macos-x86_64