Last updated on 2024-05-21 02:01:57 CEST.
Flavor | Version | Tinstall | Tcheck | Ttotal | Status | Flags |
---|---|---|---|---|---|---|
r-devel-linux-x86_64-debian-clang | 0.5.1 | 239.59 | 33.15 | 272.74 | NOTE | |
r-devel-linux-x86_64-debian-gcc | 0.5.1 | 170.64 | 25.82 | 196.46 | NOTE | |
r-devel-linux-x86_64-fedora-clang | 0.5.1 | 358.54 | NOTE | |||
r-devel-linux-x86_64-fedora-gcc | 0.5.1 | 354.29 | NOTE | |||
r-devel-windows-x86_64 | 0.5.1 | 142.00 | 73.00 | 215.00 | NOTE | |
r-patched-linux-x86_64 | 0.5.1 | 239.68 | 32.63 | 272.31 | OK | |
r-release-linux-x86_64 | 0.5.1 | 240.60 | 32.76 | 273.36 | OK | |
r-release-macos-arm64 | 0.5.1 | 53.00 | NOTE | |||
r-release-windows-x86_64 | 0.5.1 | 137.00 | 77.00 | 214.00 | OK | |
r-oldrel-macos-arm64 | 0.5.1 | 73.00 | NOTE | |||
r-oldrel-macos-x86_64 | 0.5.1 | 124.00 | NOTE | |||
r-oldrel-windows-x86_64 | 0.5.1 | 140.00 | 80.00 | 220.00 | OK |
Version: 0.5.1
Check: compiled code
Result: NOTE
File ‘clarabel/libs/clarabel.so’:
Found non-API calls to R: ‘SET_ENCLOS’, ‘SET_ENVFLAGS’, ‘SET_PRCODE’,
‘SET_PRENV’, ‘SET_PRVALUE’
Compiled code should not call non-API entry points in R.
See ‘Writing portable packages’ in the ‘Writing R Extensions’ manual.
Flavors: r-devel-linux-x86_64-debian-clang, r-devel-linux-x86_64-debian-gcc, r-devel-linux-x86_64-fedora-clang, r-devel-linux-x86_64-fedora-gcc
Version: 0.5.1
Check: installed package size
Result: NOTE
installed size is 6.1Mb
sub-directories of 1Mb or more:
libs 5.8Mb
Flavors: r-devel-linux-x86_64-fedora-clang, r-release-macos-arm64, r-oldrel-macos-arm64, r-oldrel-macos-x86_64
Version: 0.5.1
Check: for GNU extensions in Makefiles
Result: NOTE
GNU make is a SystemRequirements.
Flavors: r-devel-linux-x86_64-fedora-clang, r-devel-linux-x86_64-fedora-gcc, r-release-macos-arm64, r-oldrel-macos-arm64, r-oldrel-macos-x86_64
Version: 0.5.1
Check: compiled code
Result: NOTE
File 'clarabel/libs/x64/clarabel.dll':
Found non-API calls to R: 'SET_ENCLOS', 'SET_ENVFLAGS', 'SET_PRCODE',
'SET_PRENV', 'SET_PRVALUE'
Compiled code should not call non-API entry points in R.
See 'Writing portable packages' in the 'Writing R Extensions' manual.
Flavor: r-devel-windows-x86_64